{"id":1231,"date":"2019-06-18T16:20:09","date_gmt":"2019-06-18T14:20:09","guid":{"rendered":"http:\/\/10.18.11.144\/wordpress\/?page_id=1231"},"modified":"2025-12-02T13:00:07","modified_gmt":"2025-12-02T12:00:07","slug":"impressum","status":"publish","type":"page","link":"https:\/\/polgargym.at\/wordpress\/impressum\/","title":{"rendered":"Impressum"},"content":{"rendered":"\n<p class=\"has-medium-font-size\"><strong>Offenlegung gem. Mediengesetz \u00a725<\/strong><\/p>\n\n\n\n<p class=\"has-medium-font-size\"><strong>Medieninhaber:<\/strong><\/p>\n\n\n\n<p class=\"has-medium-font-size\">Mag. Dr. Claudia Peltz<\/p>\n\n\n\n<p class=\"has-medium-font-size\">Polgarstra\u00dfe 24<\/p>\n\n\n\n<p class=\"has-medium-font-size\">1220 Wien<\/p>\n\n\n\n<p class=\"has-medium-font-size\">\u00d6sterreich<\/p>\n\n\n\n<p class=\"has-medium-font-size\">SKZ: 922026<\/p>\n\n\n\n<p class=\"has-medium-font-size\"><strong>Blattlinie<\/strong><br>Diese Homepage enth\u00e4lt Informationen \u00fcber und f\u00fcr die Sch\u00fcler*innen, das Lehrer*innenteam, Schwerpunktsetzungen, Projekte und Aktivit\u00e4ten des Polgargymnasiums. Die Nutzung der Homepage ist unentgeltlich.<\/p>\n\n\n\n<p class=\"has-medium-font-size\"><strong>Urheberrecht<\/strong><\/p>\n\n\n\n<p class=\"has-medium-font-size\">Das Layout und die Gestaltung des Angebots sowie die einzelnen  Elemente (Logos, Fotos, etc.) sind ebenso wie die redaktionellen Beitr\u00e4ge im Einzelnen sowie in ihre Auswahl und Zusammenstellung  urheberrechtlich gesch\u00fctzt. Jegliche Nutzung, Verwertung, Bearbeitung  und Ver\u00e4nderung \u2013 au\u00dferhalb allf\u00e4lliger freier Werknutzungen \u2013 ist nur  mit Zustimmung der Seitenurheberin bzw. des Seitenurhebers zul\u00e4ssig.  S\u00e4mtliche Urheberrechtsverst\u00f6\u00dfe werden zivil- bzw. allenfalls  strafrechtlich verfolgt.<\/p>\n\n\n\n<p class=\"has-medium-font-size\"><strong>Haftung, Verweise und Links<\/strong><\/p>\n\n\n\n<p class=\"has-medium-font-size\">Die ver\u00f6ffentlichten Inhalte sind sorgf\u00e4ltig recherchiert und \nprogrammiert. Dennoch kann keine Gew\u00e4hr f\u00fcr die Richtigkeit und \nVollst\u00e4ndigkeit \u00fcbernommen werden. Alle Angaben erfolgen ohne Gew\u00e4hr. \nEine Haftung f\u00fcr allf\u00e4llige Sch\u00e4den, die sich aus den ver\u00f6ffentlichten \nInhalten ergeben, ist ausgeschlossen.<\/p>\n\n\n\n<p class=\"has-medium-font-size\">Die Autoren erkl\u00e4ren ausdr\u00fccklich, dass zum Zeitpunkt der Linksetzung\n die entsprechenden verlinkten Seiten frei von illegalen Inhalten waren.\n Auf die aktuelle und zuk\u00fcnftige Gestaltung sowie auf die Inhalte der \ngelinkten\/verkn\u00fcpften Seiten haben die Autoren keinen Einfluss. Deshalb \ndistanzieren sie sich ausdr\u00fccklich von Inhalten aller \ngelinkten\/verkn\u00fcpften Seiten, die nach der Linksetzung ver\u00e4ndert wurden \nund \u00fcbernehmen daf\u00fcr keine Verantwortung. F\u00fcr illegale, fehlerhafte oder\n unvollst\u00e4ndige Inhalte und insbesondere f\u00fcr Sch\u00e4den, die aus der \nNutzung oder Nichtnutzung solcherart dargebotener Informationen \nentstehen, haftet allein die Anbieterin bzw. der Anbieter der Seite, auf\n welche verwiesen wurde, nicht diejenige bzw. derjenige, die bzw. der \n\u00fcber Links auf die jeweilige Ver\u00f6ffentlichung lediglich verweist.<\/p>\n\n\n\n<p class=\"has-medium-font-size\"><strong>Datenschutzerkl\u00e4rung<\/strong><\/p>\n\n\n\n<p class=\"has-medium-font-size\"><a href=\"https:\/\/bildung.bmbwf.gv.at\/schulen\/datenschutz\/index.html\">https:\/\/bildung.bmbwf.gv.at\/schulen\/datenschutz\/index.html<\/a><\/p>\n\n\n<p><!--EndFragment--><\/p>","protected":false},"excerpt":{"rendered":"<p>Offenlegung gem. Mediengesetz \u00a725 Medieninhaber: Mag. Dr. Claudia Peltz Polgarstra\u00dfe 24 1220 Wien \u00d6sterreich SKZ: 922026 BlattlinieDiese Homepage enth\u00e4lt Informationen \u00fcber und f\u00fcr die Sch\u00fcler*innen, das Lehrer*innenteam, Schwerpunktsetzungen, Projekte und Aktivit\u00e4ten des Polgargymnasiums. Die Nutzung der Homepage ist unentgeltlich. Urheberrecht Das Layout und die Gestaltung des Angebots sowie die einzelnen Elemente (Logos, Fotos, etc.) sind [&hellip;]<\/p>\n","protected":false},"author":49,"featured_media":0,"parent":0,"menu_order":0,"comment_status":"closed","ping_status":"closed","template":"","meta":{"footnotes":""},"class_list":["post-1231","page","type-page","status-publish","hentry"],"_links":{"self":[{"href":"https:\/\/polgargym.at\/wordpress\/wp-json\/wp\/v2\/pages\/1231","targetHints":{"allow":["GET"]}}],"collection":[{"href":"https:\/\/polgargym.at\/wordpress\/wp-json\/wp\/v2\/pages"}],"about":[{"href":"https:\/\/polgargym.at\/wordpress\/wp-json\/wp\/v2\/types\/page"}],"author":[{"embeddable":true,"href":"https:\/\/polgargym.at\/wordpress\/wp-json\/wp\/v2\/users\/49"}],"replies":[{"embeddable":true,"href":"https:\/\/polgargym.at\/wordpress\/wp-json\/wp\/v2\/comments?post=1231"}],"version-history":[{"count":5,"href":"https:\/\/polgargym.at\/wordpress\/wp-json\/wp\/v2\/pages\/1231\/revisions"}],"predecessor-version":[{"id":11550,"href":"https:\/\/polgargym.at\/wordpress\/wp-json\/wp\/v2\/pages\/1231\/revisions\/11550"}],"wp:attachment":[{"href":"https:\/\/polgargym.at\/wordpress\/wp-json\/wp\/v2\/media?parent=1231"}],"curies":[{"name":"wp","href":"https:\/\/api.w.org\/{rel}","templated":true}]}}