{"id":1811,"date":"2019-09-11T11:39:06","date_gmt":"2019-09-11T09:39:06","guid":{"rendered":"https:\/\/polgargym.at\/?page_id=1811"},"modified":"2025-09-25T17:11:18","modified_gmt":"2025-09-25T15:11:18","slug":"schuelerbeihilfe-finanzielle-unterstuetzung-fuer-schulveranstaltungen","status":"publish","type":"page","link":"https:\/\/polgargym.at\/wordpress\/schuelerbeihilfe-finanzielle-unterstuetzung-fuer-schulveranstaltungen\/","title":{"rendered":"Sch\u00fclerbeihilfe \/ finanzielle Unterst\u00fctzung f\u00fcr Schulveranstaltungen"},"content":{"rendered":"\n<p class=\"has-text-align-center\" style=\"font-size:28px\"><strong>Sch\u00fclerbeihilfe (6.-8. Klasse der AHS)<\/strong><br><\/p>\n\n\n\n<div style=\"height:52px\" aria-hidden=\"true\" class=\"wp-block-spacer\"><\/div>\n\n\n\n<p class=\"has-medium-font-size\">Bitte besuchen Sie folgende Homepage, hier finden Sie alle Informationen \u00fcber Anspruch und Antragstellung:<\/p>\n\n\n\n<div style=\"height:30px\" aria-hidden=\"true\" class=\"wp-block-spacer\"><\/div>\n\n\n\n<p class=\"has-medium-font-size\"><a rel=\"noreferrer noopener\" href=\"https:\/\/www.bmbwf.gv.at\/Themen\/schule\/befoe\/sbh.html\" target=\"_blank\">https:\/\/www.bmbwf.gv.at\/Themen\/schule\/befoe\/sbh.html<\/a><\/p>\n\n\n\n<div style=\"height:30px\" aria-hidden=\"true\" class=\"wp-block-spacer\"><\/div>\n\n\n\n<p class=\"has-medium-font-size\">Vor der Antragstellung bitte unbedingt diesen Online-Ratgeber und -Rechner benutzen:<\/p>\n\n\n\n<div style=\"height:30px\" aria-hidden=\"true\" class=\"wp-block-spacer\"><\/div>\n\n\n\n<p class=\"has-medium-font-size\"><a href=\"https:\/\/ratgeber.schuelerbeihilfe.at\">https:\/\/ratgeber.schuelerbeihilfe.at\/<\/a><\/p>\n\n\n\n<p class=\"has-medium-font-size\"><a href=\"http:\/\/www.schulbeihilfenrechner.at\/schulbeihilfen.htm\">http:\/\/www.schulbeihilfenrechner.at\/schulbeihilfen.htm<\/a><\/p>\n\n\n\n<div style=\"height:30px\" aria-hidden=\"true\" class=\"wp-block-spacer\"><\/div>\n\n\n\n<p class=\"has-medium-font-size\"><strong>Erforderliche Unterlagen (zus\u00e4tzlich zu den jeweiligen Formularen):<\/strong><\/p>\n\n\n\n<p class=\"has-medium-font-size\"><span style=\"text-decoration: underline;\">Bei nicht selbstst\u00e4ndiger Besch\u00e4ftigung der Eltern:<\/span><br>der&nbsp;Jahreslohnzettel und (wenn vorhanden) der&nbsp;Bescheid \u00fcber die&nbsp;Arbeitnehmerveranlagung (jeweils f\u00fcr das letzte Kalenderjahr)<\/p>\n\n\n\n<p class=\"has-medium-font-size\"><span style=\"text-decoration: underline;\">Bei selbstst\u00e4ndiger Besch\u00e4ftigung der Eltern:<\/span><br>der zuletzt erhaltene Einkommenssteuerbescheid<\/p>\n\n\n\n<p class=\"has-medium-font-size\"><span style=\"text-decoration: underline;\">Bei Eink\u00fcnften aus Land- und Forstwirtschaft der Eltern:<\/span><br>der zuletzt erhaltene Einheitswertbescheid und, wenn veranlagt,&nbsp;der zuletzt erhaltene Einkommenssteuerbescheid oder, wenn nicht veranlagt und pauschaliert ermittelte Eink\u00fcnfte vorliegen,&nbsp;das Beiblatt zur Gewinnermittlung pauschaliert ermittelter Eink\u00fcnfte aus Land- und Forstwirtschaft<\/p>\n\n\n\n<div style=\"height:50px\" aria-hidden=\"true\" class=\"wp-block-spacer\"><\/div>\n\n\n\n<p class=\"has-medium-font-size\"><strong>Fristen:<\/strong><\/p>\n\n\n\n<p class=\"has-medium-font-size\">Die Antr\u00e4ge m\u00fcssen&nbsp;<strong>bis 31. Dezember<\/strong>&nbsp;des laufenden Schuljahres abgegeben werden.<\/p>\n\n\n\n<p class=\"has-medium-font-size\">Wird der Antrag sp\u00e4ter abgegeben, wird die Beihilfe gek\u00fcrzt.<\/p>\n\n\n\n<div style=\"height:52px\" aria-hidden=\"true\" class=\"wp-block-spacer\"><\/div>\n\n\n\n<p class=\"has-medium-font-size\"><strong>Wer ist zust\u00e4ndig?<\/strong><\/p>\n\n\n\n<p class=\"has-medium-font-size\"><br>F\u00fcr&nbsp;Sch\u00fclerinnen\/Sch\u00fcler einer mittleren oder h\u00f6heren Schule&nbsp;ist die jeweilige&nbsp;<a href=\"https:\/\/www.bildung-wien.gv.at\" data-type=\"link\" data-id=\"https:\/\/www.bildung-wien.gv.at\" target=\"_blank\" rel=\"noreferrer noopener\">Bildungsdirektion<\/a>&nbsp;zust\u00e4ndig:<strong><br><br>Bildungsdirektion f\u00fcr&nbsp;Wien<br><\/strong>Wipplingerstra\u00dfe 28, Pr\u00e4s\/3b\/Recht-Sch\u00fclerbeihilfe<br>1010 Wien<br>T +43 1 52525<br>F +43 1 52525-77783<\/p>\n\n\n\n<div style=\"height:30px\" aria-hidden=\"true\" class=\"wp-block-spacer\"><\/div>\n\n\n\n<p class=\"has-medium-font-size\"><strong>Der fertig ausgef\u00fcllte Antrag muss dort fristgerecht abgegeben werden.<\/strong><\/p>\n\n\n\n<div style=\"height:30px\" aria-hidden=\"true\" class=\"wp-block-spacer\"><\/div>\n\n\n\n<p class=\"has-vivid-red-color has-text-color has-medium-font-size\">Antr\u00e4ge k\u00f6nnen online \u00fcber Teams\/Outlook (E-Mail) oder in der 10h Pause (9h45-9h55, bis auf Mi immer m\u00f6glich) im LZ1 bei Prof. Ciuca oder Prof. Reiter angefragt werden. Bitte Name und Klasse dazuschreiben, Sie erhalten eine Benachrichtigung sobald der Antrag abholbereit ist.<\/p>\n\n\n\n<p class=\"has-vivid-red-color has-text-color has-medium-font-size\">Antr\u00e4ge k\u00f6nnen aber auch online heruntergeladen und bei Prof. Ciuca (<a href=\"mailto:cciuca@polgargym.at\">cciuca@polgargym.at<\/a>) oder Prof. Reiter (<a href=\"mailto:mreiter@polgargym.at\">mreiter@polgargym.at<\/a>) in der 10h Pause (an allen Tagen au\u00dfer Mittwoch) im Lehrerzimmer 1 bei den Lehrkr\u00e4ften abgegeben werden. Die Formulare k\u00f6nnen dann sp\u00e4testens 1 Woche sp\u00e4ter abgeholt werden.<\/p>\n\n\n\n<div style=\"height:100px\" aria-hidden=\"true\" class=\"wp-block-spacer\"><\/div>\n\n\n\n<p style=\"font-size:28px\"><strong>Antragstellung f\u00fcr eine finanzielle Unterst\u00fctzung bei Schulveranstaltungen&nbsp;<\/strong><\/p>\n\n\n\n<div style=\"height:52px\" aria-hidden=\"true\" class=\"wp-block-spacer\"><\/div>\n\n\n\n<p class=\"has-medium-font-size\">Dies gilt f\u00fcr Sch\u00fclerInnen, die&nbsp;<\/p>\n\n\n\n<ul class=\"wp-block-list\">\n<li class=\"has-medium-font-size\">bed\u00fcrftig sind<\/li>\n\n\n\n<li class=\"has-medium-font-size\">an einer&nbsp;<strong>mindestens 5 Tage<\/strong>&nbsp;dauernden Schulveranstaltung teilnehmen<\/li>\n\n\n\n<li class=\"has-medium-font-size\">\u00f6sterreichische Staatsb\u00fcrgerInnen, EU-B\u00fcrgerInnen oder mehr als 5 Jahre in \u00d6sterreich gemeldet sind.<br><\/li>\n<\/ul>\n\n\n\n<div style=\"height:30px\" aria-hidden=\"true\" class=\"wp-block-spacer\"><\/div>\n\n\n\n<p class=\"has-vivid-red-color has-text-color has-link-color has-medium-font-size wp-elements-3cb455b1c9adcbd23ed7ac4aeb085ede\">Nach Antr\u00e4gen ist bei Prof. Reiter und Prof. Ciuca  ausschlie\u00dflich per E-Mail (Teams\/Outlook) mit Informationen \u00fcber&nbsp;<\/p>\n\n\n\n<p class=\"has-vivid-red-color has-text-color has-link-color has-medium-font-size wp-elements-b1a96aed0675fa260a24c0d7b5a2418f\">-Ort<\/p>\n\n\n\n<p class=\"has-vivid-red-color has-text-color has-link-color has-medium-font-size wp-elements-db4c136c8b52b0f8bef8fc35a4054016\">-Datum&nbsp;<\/p>\n\n\n\n<p class=\"has-vivid-red-color has-text-color has-link-color has-medium-font-size wp-elements-dbfb9f82e98ade80d2addc78e3648138\">-und genaue Kosten der Klassenfahrt\/ Projektwoche\/ Sprachreise anzufragen.&nbsp;<\/p>\n\n\n\n<p class=\"has-vivid-red-color has-text-color has-link-color has-medium-font-size wp-elements-dd09a47e9409d359f3c26eb8a6b6fcad\">Sobald der Antrag fertig ist, erhalten Sie eine Mail. Der Antrag kann dann in der 10h Pause (an allen Tagen au\u00dfer Mittwoch) im Lehrerzimmer 1 bei den Lehrkr\u00e4ften abgeholt werden.<\/p>\n\n\n\n<p class=\"has-medium-font-size\">Der Antrag muss bis sp\u00e4testens 30.April 2026 bei der Bildungsdirektion von Ihnen eingebracht werden!<\/p>\n\n\n\n<div style=\"height:30px\" aria-hidden=\"true\" class=\"wp-block-spacer\"><\/div>\n\n\n\n<p class=\"has-medium-font-size\">Weitere Informationen finden Sie unter: <a rel=\"noreferrer noopener\" href=\"https:\/\/www.bmbwf.gv.at\/Themen\/schule\/befoe.html\" target=\"_blank\">https:\/\/www.bmbwf.gv.at\/Themen\/schule\/befoe.html<\/a><\/p>\n\n\n\n<div style=\"height:30px\" aria-hidden=\"true\" class=\"wp-block-spacer\"><\/div>\n\n\n\n<p class=\"has-small-font-size\">Die Rechtsgrundlagen dazu: <a href=\"https:\/\/www.ris.bka.gv.at\/GeltendeFassung.wxe?Abfrage=Bundesnormen&amp;Gesetzesnummer=10009531\">\u00a7\u00a01a,\u00a02,\u00a03,\u00a09,\u00a015 Sch\u00fclerbeihilfengesetz 1983<\/a><\/p>\n\n\n\n<div style=\"height:20px\" aria-hidden=\"true\" class=\"wp-block-spacer\"><\/div>\n","protected":false},"excerpt":{"rendered":"<p>Sch\u00fclerbeihilfe (6.-8. Klasse der AHS) Bitte besuchen Sie folgende Homepage, hier finden Sie alle Informationen \u00fcber Anspruch und Antragstellung: https:\/\/www.bmbwf.gv.at\/Themen\/schule\/befoe\/sbh.html Vor der Antragstellung bitte unbedingt diesen Online-Ratgeber und -Rechner benutzen: https:\/\/ratgeber.schuelerbeihilfe.at\/ http:\/\/www.schulbeihilfenrechner.at\/schulbeihilfen.htm Erforderliche Unterlagen (zus\u00e4tzlich zu den jeweiligen Formularen): Bei nicht selbstst\u00e4ndiger Besch\u00e4ftigung der Eltern:der&nbsp;Jahreslohnzettel und (wenn vorhanden) der&nbsp;Bescheid \u00fcber die&nbsp;Arbeitnehmerveranlagung (jeweils f\u00fcr das letzte [&hellip;]<\/p>\n","protected":false},"author":11,"featured_media":0,"parent":0,"menu_order":0,"comment_status":"closed","ping_status":"closed","template":"","meta":{"footnotes":""},"class_list":["post-1811","page","type-page","status-publish","hentry"],"_links":{"self":[{"href":"https:\/\/polgargym.at\/wordpress\/wp-json\/wp\/v2\/pages\/1811","targetHints":{"allow":["GET"]}}],"collection":[{"href":"https:\/\/polgargym.at\/wordpress\/wp-json\/wp\/v2\/pages"}],"about":[{"href":"https:\/\/polgargym.at\/wordpress\/wp-json\/wp\/v2\/types\/page"}],"author":[{"embeddable":true,"href":"https:\/\/polgargym.at\/wordpress\/wp-json\/wp\/v2\/users\/11"}],"replies":[{"embeddable":true,"href":"https:\/\/polgargym.at\/wordpress\/wp-json\/wp\/v2\/comments?post=1811"}],"version-history":[{"count":28,"href":"https:\/\/polgargym.at\/wordpress\/wp-json\/wp\/v2\/pages\/1811\/revisions"}],"predecessor-version":[{"id":10510,"href":"https:\/\/polgargym.at\/wordpress\/wp-json\/wp\/v2\/pages\/1811\/revisions\/10510"}],"wp:attachment":[{"href":"https:\/\/polgargym.at\/wordpress\/wp-json\/wp\/v2\/media?parent=1811"}],"curies":[{"name":"wp","href":"https:\/\/api.w.org\/{rel}","templated":true}]}}