{"id":2365,"date":"2019-09-27T10:53:13","date_gmt":"2019-09-27T08:53:13","guid":{"rendered":"https:\/\/polgargym.at\/?page_id=2365"},"modified":"2023-07-11T11:46:43","modified_gmt":"2023-07-11T09:46:43","slug":"deutsch","status":"publish","type":"page","link":"https:\/\/polgargym.at\/wordpress\/deutsch\/","title":{"rendered":"Deutsch"},"content":{"rendered":"\n<h2 class=\"wp-block-heading\">Deutsch am Polgargymnasium<\/h2>\n\n\n<div class=\"wp-block-image\">\n<figure class=\"aligncenter\"><img loading=\"lazy\" decoding=\"async\" width=\"1024\" height=\"343\" src=\"https:\/\/polgargym.at\/wordpress\/wp-content\/uploads\/2019\/03\/IMG_20190305_151627-e1558429171217-1024x343.jpg\" alt=\"\" class=\"wp-image-307\" srcset=\"https:\/\/polgargym.at\/wordpress\/wp-content\/uploads\/2019\/03\/IMG_20190305_151627-e1558429171217-1024x343.jpg 1024w, https:\/\/polgargym.at\/wordpress\/wp-content\/uploads\/2019\/03\/IMG_20190305_151627-e1558429171217-300x100.jpg 300w, https:\/\/polgargym.at\/wordpress\/wp-content\/uploads\/2019\/03\/IMG_20190305_151627-e1558429171217-768x257.jpg 768w\" sizes=\"auto, (max-width: 1024px) 100vw, 1024px\" \/><\/figure><\/div>\n\n\n<p class=\"has-medium-font-size\">Ausgehend vom Lehrplan ist es unser gemeinsames Ziel als Fachgruppe Deutsch, unsere Sch\u00fclerinnen in der Unterstufe auf die Bildungsstandards und in der Oberstufe auf die zentrale Reifepr\u00fcfung vorzubereiten.<\/p>\n\n\n\n<div style=\"height:50px\" aria-hidden=\"true\" class=\"wp-block-spacer\"><\/div>\n\n\n\n<p class=\"has-medium-font-size\">Um ein tragf\u00e4higes Fundament in Bezug auf Sprach- und Lesef\u00e4higkeit zu schaffen, werden die <strong>1. und 2. Klassen in kleineren Gruppen<\/strong> unterrichtet.<\/p>\n\n\n\n<div style=\"height:50px\" aria-hidden=\"true\" class=\"wp-block-spacer\"><\/div>\n\n\n\n<p class=\"has-medium-font-size\">Einen besonderen Schwerpunkt stellt f\u00fcr uns die Lesef\u00f6rderung dar, weil die Lesekompetenz zentral f\u00fcr den Wissenserwerb ist. Im Rahmen dessen gibt es verschiedene Angebote in und au\u00dferhalb des Deutschunterrichts. Dazu geh\u00f6ren eine den modernsten Standards entsprechende <strong>Bibliothek<\/strong>, <strong>Lesetrainingskurse<\/strong> (als Unverbindliche \u00dcbung erg\u00e4nzt durch einen Lesehund), das <strong>Projekt \u201eLesen in Supplierstunden\u201c<\/strong> und <strong>offene B\u00fccherw\u00e4nde<\/strong>, auf die die Sch\u00fcler\/innen jederzeit zugreifen k\u00f6nnen. Im Unterricht und freiwillig dar\u00fcber hinausgehend setzen wir die <strong>Leseplattform \u201eAntolin\u201c<\/strong> zur F\u00f6rderung der Lesemotivation ein.<\/p>\n\n\n\n<div style=\"height:50px\" aria-hidden=\"true\" class=\"wp-block-spacer\"><\/div>\n\n\n\n<p class=\"has-medium-font-size\">Im Bereich der <strong>Begabtenf\u00f6rderung <\/strong>werden die <strong>Projekte \u201eLesen in Altersheim und Kindergarten\u201c<\/strong> sowie <strong>Lesewettbewerbe<\/strong> durchgef\u00fchrt. Weiters ermutigen wir unsere kreativen Sch\u00fcler\/innen zur Teilnahme an <strong>Schreibwettbewerben<\/strong>.<\/p>\n\n\n<div class=\"wp-block-image\">\n<figure class=\"aligncenter size-large is-resized\"><img loading=\"lazy\" decoding=\"async\" src=\"https:\/\/polgargym.at\/wordpress\/wp-content\/uploads\/2019\/09\/thumbnail_IMG_20190520_104950-1024x766.jpg\" alt=\"\" class=\"wp-image-1957\" width=\"512\" height=\"383\" srcset=\"https:\/\/polgargym.at\/wordpress\/wp-content\/uploads\/2019\/09\/thumbnail_IMG_20190520_104950-1024x766.jpg 1024w, https:\/\/polgargym.at\/wordpress\/wp-content\/uploads\/2019\/09\/thumbnail_IMG_20190520_104950-300x224.jpg 300w, https:\/\/polgargym.at\/wordpress\/wp-content\/uploads\/2019\/09\/thumbnail_IMG_20190520_104950-768x574.jpg 768w, https:\/\/polgargym.at\/wordpress\/wp-content\/uploads\/2019\/09\/thumbnail_IMG_20190520_104950.jpg 1280w\" sizes=\"auto, (max-width: 512px) 100vw, 512px\" \/><figcaption class=\"wp-element-caption\">Lesen im Altersheim<\/figcaption><\/figure><\/div>\n\n<div class=\"wp-block-image\">\n<figure class=\"aligncenter size-large is-resized\"><img loading=\"lazy\" decoding=\"async\" src=\"https:\/\/polgargym.at\/wordpress\/wp-content\/uploads\/2023\/05\/IMG_3618-1-623x1024.jpg\" alt=\"\" class=\"wp-image-7299\" width=\"312\" height=\"512\" srcset=\"https:\/\/polgargym.at\/wordpress\/wp-content\/uploads\/2023\/05\/IMG_3618-1-623x1024.jpg 623w, https:\/\/polgargym.at\/wordpress\/wp-content\/uploads\/2023\/05\/IMG_3618-1-182x300.jpg 182w, https:\/\/polgargym.at\/wordpress\/wp-content\/uploads\/2023\/05\/IMG_3618-1-768x1262.jpg 768w, https:\/\/polgargym.at\/wordpress\/wp-content\/uploads\/2023\/05\/IMG_3618-1-934x1536.jpg 934w, https:\/\/polgargym.at\/wordpress\/wp-content\/uploads\/2023\/05\/IMG_3618-1-1246x2048.jpg 1246w, https:\/\/polgargym.at\/wordpress\/wp-content\/uploads\/2023\/05\/IMG_3618-1.jpg 1418w\" sizes=\"auto, (max-width: 312px) 100vw, 312px\" \/><figcaption class=\"wp-element-caption\">Vorlesen im Kindergarten<\/figcaption><\/figure><\/div>\n\n<div class=\"wp-block-image\">\n<figure class=\"aligncenter is-resized\"><img loading=\"lazy\" decoding=\"async\" src=\"https:\/\/polgargym.at\/wordpress\/wp-content\/uploads\/2019\/08\/IMG_3839-1024x768.jpg\" alt=\"\" class=\"wp-image-1405\" width=\"512\" height=\"384\" srcset=\"https:\/\/polgargym.at\/wordpress\/wp-content\/uploads\/2019\/08\/IMG_3839-1024x768.jpg 1024w, https:\/\/polgargym.at\/wordpress\/wp-content\/uploads\/2019\/08\/IMG_3839-300x225.jpg 300w, https:\/\/polgargym.at\/wordpress\/wp-content\/uploads\/2019\/08\/IMG_3839-768x576.jpg 768w\" sizes=\"auto, (max-width: 512px) 100vw, 512px\" \/><figcaption class=\"wp-element-caption\">Lesewettbewerb &#8222;Polgar Lesestars&#8220;<\/figcaption><\/figure><\/div>\n\n\n<p class=\"has-medium-font-size\">F\u00fcr Sch\u00fcler\/innen mit Lese-\/Rechtschreibschw\u00e4che oder einer anderen Erstsprache als Deutsch werden <strong>Unverbindliche \u00dcbungen (Deutsch als Zweitsprache, Legasthenie)<\/strong> angeboten.&nbsp;<\/p>\n\n\n\n<div style=\"height:50px\" aria-hidden=\"true\" class=\"wp-block-spacer\"><\/div>\n\n\n\n<p class=\"has-medium-font-size\">Um unsere Sch\u00fcler\/innen f\u00fcr Literatur zu begeistern, organisieren wir <strong>Theaterbesuche, -workshops, Autoren- und Autorinnenlesungen, Lesen\u00e4chte und Lese- und Theaterprojekte<\/strong> <strong>in Kooperation mit dem Buchclub der Jugend bzw. dem Theater der Jugend<\/strong>.<\/p>\n\n\n<div class=\"wp-block-image\">\n<figure class=\"aligncenter is-resized\"><img loading=\"lazy\" decoding=\"async\" src=\"https:\/\/polgargym.at\/wordpress\/wp-content\/uploads\/2019\/09\/thumbnail_IMG_20190614_093403-1024x766.jpg\" alt=\"\" class=\"wp-image-2085\" width=\"512\" height=\"383\" srcset=\"https:\/\/polgargym.at\/wordpress\/wp-content\/uploads\/2019\/09\/thumbnail_IMG_20190614_093403-1024x766.jpg 1024w, https:\/\/polgargym.at\/wordpress\/wp-content\/uploads\/2019\/09\/thumbnail_IMG_20190614_093403-300x224.jpg 300w, https:\/\/polgargym.at\/wordpress\/wp-content\/uploads\/2019\/09\/thumbnail_IMG_20190614_093403-768x574.jpg 768w, https:\/\/polgargym.at\/wordpress\/wp-content\/uploads\/2019\/09\/thumbnail_IMG_20190614_093403.jpg 1280w\" sizes=\"auto, (max-width: 512px) 100vw, 512px\" \/><figcaption class=\"wp-element-caption\">Leseprojekt &#8222;Klassiker der Kinder- und Jugendliteratur&#8220;<br><\/figcaption><\/figure><\/div>","protected":false},"excerpt":{"rendered":"<p>Deutsch am Polgargymnasium Ausgehend vom Lehrplan ist es unser gemeinsames Ziel als Fachgruppe Deutsch, unsere Sch\u00fclerinnen in der Unterstufe auf die Bildungsstandards und in der Oberstufe auf die zentrale Reifepr\u00fcfung vorzubereiten. Um ein tragf\u00e4higes Fundament in Bezug auf Sprach- und Lesef\u00e4higkeit zu schaffen, werden die 1. und 2. Klassen in kleineren Gruppen unterrichtet. Einen besonderen [&hellip;]<\/p>\n","protected":false},"author":11,"featured_media":0,"parent":0,"menu_order":0,"comment_status":"closed","ping_status":"closed","template":"","meta":{"footnotes":""},"class_list":["post-2365","page","type-page","status-publish","hentry"],"_links":{"self":[{"href":"https:\/\/polgargym.at\/wordpress\/wp-json\/wp\/v2\/pages\/2365","targetHints":{"allow":["GET"]}}],"collection":[{"href":"https:\/\/polgargym.at\/wordpress\/wp-json\/wp\/v2\/pages"}],"about":[{"href":"https:\/\/polgargym.at\/wordpress\/wp-json\/wp\/v2\/types\/page"}],"author":[{"embeddable":true,"href":"https:\/\/polgargym.at\/wordpress\/wp-json\/wp\/v2\/users\/11"}],"replies":[{"embeddable":true,"href":"https:\/\/polgargym.at\/wordpress\/wp-json\/wp\/v2\/comments?post=2365"}],"version-history":[{"count":8,"href":"https:\/\/polgargym.at\/wordpress\/wp-json\/wp\/v2\/pages\/2365\/revisions"}],"predecessor-version":[{"id":7686,"href":"https:\/\/polgargym.at\/wordpress\/wp-json\/wp\/v2\/pages\/2365\/revisions\/7686"}],"wp:attachment":[{"href":"https:\/\/polgargym.at\/wordpress\/wp-json\/wp\/v2\/media?parent=2365"}],"curies":[{"name":"wp","href":"https:\/\/api.w.org\/{rel}","templated":true}]}}