{"id":2576,"date":"2019-10-09T13:39:18","date_gmt":"2019-10-09T11:39:18","guid":{"rendered":"https:\/\/polgargym.at\/?page_id=2576"},"modified":"2019-10-09T13:39:19","modified_gmt":"2019-10-09T11:39:19","slug":"psychologie-und-philosophie","status":"publish","type":"page","link":"https:\/\/polgargym.at\/wordpress\/psychologie-und-philosophie\/","title":{"rendered":"Psychologie und Philosophie"},"content":{"rendered":"\n<div style=\"height:50px\" aria-hidden=\"true\" class=\"wp-block-spacer\"><\/div>\n\n\n\n<h2 class=\"wp-block-heading\">Psychologie und Philosophie am Polgargymnasium<\/h2>\n\n\n\n<div style=\"height:30px\" aria-hidden=\"true\" class=\"wp-block-spacer\"><\/div>\n\n\n\n<p>Im Unterricht aus Psychologie und Philosophie ist es uns Lehrerinnen und Lehrern ein gro\u00dfes Anliegen, auf aktuelle gesellschaftliche Ph\u00e4nomene, Entwicklungen und Themen einzugehen.<\/p>\n\n\n\n<div style=\"height:30px\" aria-hidden=\"true\" class=\"wp-block-spacer\"><\/div>\n\n\n\n<p>Dabei ber\u00fccksichtigen wir selbstverst\u00e4ndlich die Vorgaben des Lehrplans, wonach unter anderem den Sch\u00fclerinnen und Sch\u00fclern eine kritische Handlungsorientierung vermittelt werden soll.<\/p>\n\n\n\n<div style=\"height:30px\" aria-hidden=\"true\" class=\"wp-block-spacer\"><\/div>\n\n\n\n<p>In diesem Zusammenhang sind die Reflexion von erworbenem Wissen, Meinungen und Werthaltungen und die Gewinnung von Einsichten in den wissenschaftlichen Forschungsprozess grundlegende Lehrinhalte im Unterricht.<\/p>\n\n\n\n<div style=\"height:30px\" aria-hidden=\"true\" class=\"wp-block-spacer\"><\/div>\n\n\n\n<p>Durch den Besuch von Museen, kulturellen und sozialen Einrichten der Stadt Wien soll ein Bezug zur psychologischen und philosophischen Praxis hergestellt werden.<\/p>\n\n\n\n<div style=\"height:30px\" aria-hidden=\"true\" class=\"wp-block-spacer\"><\/div>\n\n\n\n<p>Unterst\u00fctzung und F\u00f6rderung im Bereich des Lernens leistet der Psychologieunterricht durch die intensive Auseinandersetzung mit den verschiedenen individuellen Lernstrategien.<\/p>\n\n\n\n<div style=\"height:30px\" aria-hidden=\"true\" class=\"wp-block-spacer\"><\/div>\n\n\n\n<p>Besonders begabte Sch\u00fclerinnen und Sch\u00fcler haben die M\u00f6glichkeit, an der sogenannten Philosophie-Olympiade\u00a0<a href=\"https:\/\/www.philolympics.at\/\">https:\/\/www.philolympics.at\/<\/a> teilzunehmen.\u00a0<\/p>\n\n\n\n<p>Sie m\u00fcssen einen philosophischen Essay zu einem von mehreren vorgegebenen Themen schreiben, welches sie ausw\u00e4hlen k\u00f6nnen. Die maximal besten drei Essays pro Schule werden an die Bundeslandkoordination von Wien geschickt, die die besten Essays k\u00fcrt und f\u00fcr den Bundeswettbewerb anmeldet.<\/p>\n\n\n\n<p>Die besten zwei Sch\u00fclerinnen oder Sch\u00fcler aus \u00d6sterreich d\u00fcrfen an der internationalen Philosophie-Olympiade teilnehmen.<\/p>\n","protected":false},"excerpt":{"rendered":"<p>Psychologie und Philosophie am Polgargymnasium Im Unterricht aus Psychologie und Philosophie ist es uns Lehrerinnen und Lehrern ein gro\u00dfes Anliegen, auf aktuelle gesellschaftliche Ph\u00e4nomene, Entwicklungen und Themen einzugehen. Dabei ber\u00fccksichtigen wir selbstverst\u00e4ndlich die Vorgaben des Lehrplans, wonach unter anderem den Sch\u00fclerinnen und Sch\u00fclern eine kritische Handlungsorientierung vermittelt werden soll. In diesem Zusammenhang sind die Reflexion [&hellip;]<\/p>\n","protected":false},"author":11,"featured_media":0,"parent":0,"menu_order":0,"comment_status":"closed","ping_status":"closed","template":"","meta":{"footnotes":""},"class_list":["post-2576","page","type-page","status-publish","hentry"],"_links":{"self":[{"href":"https:\/\/polgargym.at\/wordpress\/wp-json\/wp\/v2\/pages\/2576","targetHints":{"allow":["GET"]}}],"collection":[{"href":"https:\/\/polgargym.at\/wordpress\/wp-json\/wp\/v2\/pages"}],"about":[{"href":"https:\/\/polgargym.at\/wordpress\/wp-json\/wp\/v2\/types\/page"}],"author":[{"embeddable":true,"href":"https:\/\/polgargym.at\/wordpress\/wp-json\/wp\/v2\/users\/11"}],"replies":[{"embeddable":true,"href":"https:\/\/polgargym.at\/wordpress\/wp-json\/wp\/v2\/comments?post=2576"}],"version-history":[{"count":2,"href":"https:\/\/polgargym.at\/wordpress\/wp-json\/wp\/v2\/pages\/2576\/revisions"}],"predecessor-version":[{"id":2578,"href":"https:\/\/polgargym.at\/wordpress\/wp-json\/wp\/v2\/pages\/2576\/revisions\/2578"}],"wp:attachment":[{"href":"https:\/\/polgargym.at\/wordpress\/wp-json\/wp\/v2\/media?parent=2576"}],"curies":[{"name":"wp","href":"https:\/\/api.w.org\/{rel}","templated":true}]}}