{"id":302,"date":"2019-03-15T14:06:19","date_gmt":"2019-03-15T13:06:19","guid":{"rendered":"http:\/\/10.18.11.129\/wordpress\/?page_id=302"},"modified":"2025-11-18T16:34:33","modified_gmt":"2025-11-18T15:34:33","slug":"unterstufe","status":"publish","type":"page","link":"https:\/\/polgargym.at\/wordpress\/unterstufe\/","title":{"rendered":"Unterstufe"},"content":{"rendered":"\n<div style=\"height:30px\" aria-hidden=\"true\" class=\"wp-block-spacer\"><\/div>\n\n\n\n<p class=\"has-medium-font-size\">In der Unterstufe bieten wir ab der 3. Klasse (7. Schulstufe) zwei Zweige \u2013 Gymnasium (mit Franz\u00f6sisch ab der 3. Klasse) und Realgymnasium \u2013 an.&nbsp;<\/p>\n\n\n\n<div style=\"height:20px\" aria-hidden=\"true\" class=\"wp-block-spacer\"><\/div>\n\n\n\n<p class=\"has-medium-font-size\">Die Schwerpunktsetzung der beiden Zweige entnehmen Sie bitte den verschiedenen Stundentafeln.<\/p>\n\n\n\n<p class=\"has-medium-font-size\">Weitere Informationen erhalten Sie auch in der nachfolgenden Pr\u00e4sentation:<\/p>\n\n\n\n<div data-wp-interactive=\"core\/file\" class=\"wp-block-file\"><object data-wp-bind--hidden=\"!state.hasPdfPreview\" hidden class=\"wp-block-file__embed\" data=\"https:\/\/polgargym.at\/wordpress\/wp-content\/uploads\/2025\/11\/Info_2.Klassen_2025-11.pdf\" type=\"application\/pdf\" style=\"width:100%;height:600px\" aria-label=\"Einbettung von Info_2.Klassen_2025-11.\"><\/object><a id=\"wp-block-file--media-604134cb-c5d0-422d-8c27-8a47614d37bf\" href=\"https:\/\/polgargym.at\/wordpress\/wp-content\/uploads\/2025\/11\/Info_2.Klassen_2025-11.pdf\">Info_2.Klassen_2025-11<\/a><a href=\"https:\/\/polgargym.at\/wordpress\/wp-content\/uploads\/2025\/11\/Info_2.Klassen_2025-11.pdf\" class=\"wp-block-file__button wp-element-button\" download aria-describedby=\"wp-block-file--media-604134cb-c5d0-422d-8c27-8a47614d37bf\">Herunterladen<\/a><\/div>\n\n\n\n<div style=\"height:30px\" aria-hidden=\"true\" class=\"wp-block-spacer\"><\/div>\n\n\n\n<h2 class=\"wp-block-heading\">Gymnasial-Zweig <br><\/h2>\n\n\n\n<figure class=\"wp-block-table aligncenter is-style-stripes\"><table><tbody><tr><td>Pflichtf\u00e4cher<\/td><td>1. Klasse<\/td><td>2. Klasse<\/td><td>3. Klasse<\/td><td>4. Klasse<\/td><td>Summe<\/td><\/tr><tr><td>Religion<\/td><td>2<\/td><td>2<\/td><td>2<\/td><td>2<\/td><td>8<\/td><\/tr><tr><td>Deutsch<\/td><td>4<\/td><td>4<\/td><td>4<\/td><td>4<\/td><td>16<\/td><\/tr><tr><td>1. lebende Fremdsprache: Englisch<\/td><td>4<\/td><td>4<\/td><td>3<\/td><td>3<\/td><td>14<\/td><\/tr><tr><td><strong>2. lebende Fremdsprache: Franz\u00f6sisch<\/strong><\/td><td>&nbsp;&#8211;<\/td><td>&nbsp;&#8211;<\/td><td>4<\/td><td>3<\/td><td>7<\/td><\/tr><tr><td>Geschichte und politische Bildung<\/td><td>&nbsp;<\/td><td>2<\/td><td>2<\/td><td>2<\/td><td>6<\/td><\/tr><tr><td>Geographie und wirtschaftliche Bildung<\/td><td>2<\/td><td>1<\/td><td>2<\/td><td>2<\/td><td>7<\/td><\/tr><tr><td>Mathematik<\/td><td>4<\/td><td>4<\/td><td>3<\/td><td>3<\/td><td>14<\/td><\/tr><tr><td>Digitale Grundbildung<\/td><td>1<\/td><td>1<\/td><td>1<\/td><td>1<\/td><td>4<\/td><\/tr><tr><td>Biologie und Umweltbildung<\/td><td>2<\/td><td>2<\/td><td>2<\/td><td>2<\/td><td>8<\/td><\/tr><tr><td>Chemie<\/td><td>&nbsp;&#8211;<\/td><td>&nbsp;&#8211;<\/td><td>&nbsp;&#8211;<\/td><td>2<\/td><td>2<\/td><\/tr><tr><td>Physik<\/td><td>&nbsp;&#8211;<\/td><td>2<\/td><td>1<\/td><td>2<\/td><td>5<\/td><\/tr><tr><td>Musik<\/td><td>2<\/td><td>2<\/td><td>2<\/td><td>1<\/td><td>7<\/td><\/tr><tr><td>Kunst und Gestaltung<\/td><td>2<\/td><td>2<\/td><td>2<\/td><td>2<\/td><td>8<\/td><\/tr><tr><td>Technik und Design<\/td><td>2<\/td><td>2<\/td><td>&nbsp;<\/td><td>&nbsp;<\/td><td>4<\/td><\/tr><tr><td>Bewegung und Sport<\/td><td>4<\/td><td>4<\/td><td>3<\/td><td>3<\/td><td>14<\/td><\/tr><tr><td>Stundenzahl   gesamt<\/td><td>29<\/td><td>32<\/td><td>31<\/td><td>32<\/td><td>124<\/td><\/tr><\/tbody><\/table><\/figure>\n\n\n\n<div style=\"height:40px\" aria-hidden=\"true\" class=\"wp-block-spacer\"><\/div>\n\n\n\n<h2 class=\"wp-block-heading\" id=\"mce_0\">  <br>Realgymnasium-Zweig<\/h2>\n\n\n\n<div style=\"height:50px\" aria-hidden=\"true\" class=\"wp-block-spacer\"><\/div>\n\n\n\n<figure class=\"wp-block-table is-style-stripes\"><table><tbody><tr><td>Pflichtf\u00e4cher<\/td><td>1. Klasse<\/td><td>2. Klasse<\/td><td>3. Klasse<\/td><td>4. Klasse<\/td><td>Summe<\/td><\/tr><tr><td>Religion<\/td><td>2<\/td><td>2<\/td><td>2<\/td><td>2<\/td><td>8<\/td><\/tr><tr><td>Deutsch<\/td><td>4<\/td><td>4<\/td><td>4<\/td><td>4<\/td><td>16<\/td><\/tr><tr><td>1. lebende Fremdsprache: Englisch<\/td><td>4<\/td><td>4<\/td><td>3<\/td><td>3<\/td><td>14<\/td><\/tr><tr><td>Geschichte und politische Bildung<\/td><td>&nbsp;<\/td><td>2<\/td><td>2<\/td><td>2<\/td><td>6<\/td><\/tr><tr><td>Geographie und wirtschaftliche Bildung<\/td><td>2<\/td><td>1<\/td><td>2<\/td><td>2<\/td><td>7<\/td><\/tr><tr><td>Mathematik<\/td><td>4<\/td><td>4<\/td><td>4<\/td><td>3<\/td><td>15<\/td><\/tr><tr><td>Digitale Grundbildung<\/td><td>1<\/td><td>1<\/td><td>1<\/td><td>1<\/td><td>4<\/td><\/tr><tr><td>Geometr. Zeichnen<\/td><td>&nbsp;<\/td><td>&nbsp;<\/td><td>&nbsp;<\/td><td>2<\/td><td>2<\/td><\/tr><tr><td>Biologie und Umweltbildung<\/td><td>2<\/td><td>2<\/td><td>2<\/td><td>2<\/td><td>8<\/td><\/tr><tr><td>Chemie<\/td><td>&nbsp;<\/td><td>&nbsp;<\/td><td>&nbsp;<\/td><td>2<\/td><td>2<\/td><\/tr><tr><td>Physik<\/td><td>&nbsp;<\/td><td>2<\/td><td>1<\/td><td>2<\/td><td>5<\/td><\/tr><tr><td>Musik<\/td><td>2<\/td><td>2<\/td><td>2<\/td><td>1<\/td><td>7<\/td><\/tr><tr><td>Kunst und Gestaltung<\/td><td>2<\/td><td>2<\/td><td>2<\/td><td>2<\/td><td>8<\/td><\/tr><tr><td>Technik und Design<\/td><td>2<\/td><td>2<\/td><td>2<\/td><td>2<\/td><td>8<\/td><\/tr><tr><td>Bewegung und Sport<\/td><td>4<\/td><td>4<\/td><td>3<\/td><td>3<\/td><td>14<\/td><\/tr><tr><td>Stundenzahl\n  gesamt<\/td><td>29<\/td><td>32<\/td><td>30<\/td><td>33<\/td><td>124<\/td><\/tr><\/tbody><\/table><\/figure>\n\n\n\n<h2 class=\"wp-block-heading\"><strong>Weiters bieten wir in der Unterstufe Schwerpunktklassen an:<\/strong><\/h2>\n\n\n\n<div style=\"height:30px\" aria-hidden=\"true\" class=\"wp-block-spacer\"><\/div>\n\n\n\n<h3 class=\"wp-block-heading\">Musikklassen \/ <a href=\"https:\/\/polgargym.at\/chorklassen\/\">Chorklassen<\/a> \/<a href=\"https:\/\/polgargym.at\/instrumentalklasse-am-polgargymnasium\/\">Instrumentalklassen<\/a><\/h3>\n\n\n\n<figure class=\"wp-block-image size-medium\"><img loading=\"lazy\" decoding=\"async\" width=\"300\" height=\"168\" src=\"https:\/\/polgargym.at\/wordpress\/wp-content\/uploads\/2025\/09\/Gesang-aktuell-300x168.jpg\" alt=\"\" class=\"wp-image-10414\" style=\"object-fit:cover\" srcset=\"https:\/\/polgargym.at\/wordpress\/wp-content\/uploads\/2025\/09\/Gesang-aktuell-300x168.jpg 300w, https:\/\/polgargym.at\/wordpress\/wp-content\/uploads\/2025\/09\/Gesang-aktuell-768x429.jpg 768w, https:\/\/polgargym.at\/wordpress\/wp-content\/uploads\/2025\/09\/Gesang-aktuell.jpg 855w\" sizes=\"auto, (max-width: 300px) 100vw, 300px\" \/><\/figure>\n\n\n\n<div style=\"height:30px\" aria-hidden=\"true\" class=\"wp-block-spacer\"><\/div>\n\n\n\n<p class=\"has-medium-font-size\">Musikinteressierte Sch\u00fcler*innen, die gerne singen, bilden die Musikklasse. Diese wird als eine Realgymnasiumsklasse (siehe Stundentafel), ohne Einschr\u00e4nkung der Stundenanzahl oder des Stoffumfanges, gef\u00fchrt. Weitere Informationen finden Sie unter <a href=\"https:\/\/polgargym.at\/chorklassen\/\">Chorklassen<\/a>, und <a href=\"https:\/\/polgargym.at\/instrumentalklasse-am-polgargymnasium\/\">Instrumentalklassen<\/a>.<\/p>\n\n\n\n<h3 class=\"wp-block-heading\"><a href=\"https:\/\/polgargym.at\/volleyball\/\">Volleyballakademie<\/a><\/h3>\n\n\n\n<figure class=\"wp-block-image size-medium\"><img loading=\"lazy\" decoding=\"async\" width=\"698\" height=\"580\" src=\"https:\/\/polgargym.at\/wordpress\/wp-content\/uploads\/2025\/11\/52025763_1433980473411936_7899479184253124608_n.jpg-300x249.webp\" alt=\"\" class=\"wp-image-11101\" srcset=\"https:\/\/polgargym.at\/wordpress\/wp-content\/uploads\/2025\/11\/52025763_1433980473411936_7899479184253124608_n.jpg-300x249.webp 300w, https:\/\/polgargym.at\/wordpress\/wp-content\/uploads\/2025\/11\/52025763_1433980473411936_7899479184253124608_n.jpg 698w\" sizes=\"auto, (max-width: 698px) 100vw, 698px\" \/><\/figure>\n\n\n\n<div style=\"height:30px\" aria-hidden=\"true\" class=\"wp-block-spacer\"><\/div>\n\n\n\n<p class=\"has-medium-font-size\">Sch\u00fcler*innen, die an der Sportart Volleyball interessiert sind, werden von uns in einer Klasse zusammengefasst, um ihnen einmal pro Woche im Vormittagssportunterricht ein Volleyballtraining mit Trainern der Volleyballakademie zu erm\u00f6glichen.<\/p>\n\n\n\n<p class=\"has-medium-font-size\">Die weitere, intensivere Ausbildung erfolgt durch die Volleyballakademie am Nachmittag in der nahegelegenen Sport- und Funhalle.<\/p>\n\n\n\n<p class=\"has-medium-font-size\">Weiterf\u00fchrende Informationen zur Volleyballakademie finden Sie <a href=\"https:\/\/polgargym.at\/volleyball\/\" target=\"_blank\" rel=\"noreferrer noopener\">hier<\/a>.<\/p>\n\n\n\n<h3 class=\"wp-block-heading\"><a href=\"https:\/\/polgargym.at\/maedchenfussball\/\">M\u00e4dchenfu\u00dfball<\/a><\/h3>\n\n\n\n<figure class=\"wp-block-image size-medium\"><img loading=\"lazy\" decoding=\"async\" width=\"300\" height=\"251\" src=\"https:\/\/polgargym.at\/wordpress\/wp-content\/uploads\/2025\/10\/pr-teamfoto-300x251.jpg\" alt=\"\" class=\"wp-image-10573\" style=\"object-fit:cover\" srcset=\"https:\/\/polgargym.at\/wordpress\/wp-content\/uploads\/2025\/10\/pr-teamfoto-300x251.jpg 300w, https:\/\/polgargym.at\/wordpress\/wp-content\/uploads\/2025\/10\/pr-teamfoto-768x643.jpg 768w, https:\/\/polgargym.at\/wordpress\/wp-content\/uploads\/2025\/10\/pr-teamfoto.jpg 1000w\" sizes=\"auto, (max-width: 300px) 100vw, 300px\" \/><\/figure>\n\n\n\n<div style=\"height:30px\" aria-hidden=\"true\" class=\"wp-block-spacer\"><\/div>\n\n\n\n<p class=\"has-medium-font-size\">Der Schwerpunkt M\u00e4dchenfu\u00dfball gibt es speziell f\u00fcr die Unterstufe (10-14-j\u00e4hrige M\u00e4dels). Einige bekannte Gesichter sind durch diese Ausbildung gegangen, wie die Ahnengalerie zeigt: Jasmin Eder (\u00d6FB-Mitarbeiterin, Ex-Kapit\u00e4nin von Serienmeister SKN St. P\u00f6lten und Ex-Teamspielerin), Verena Hanshaw ehemals Aschauer (Teamspielerin und Verteidigerin bei AS Roma), Marie-Therese H\u00f6binger (Teamspielerin und Mittelfeldmotor bei FC Liverpool), Lara Felix (Kader Nationalteam, St\u00fcrmerin bei N\u00fcrnberg), Nicole Ojukwu (U20-Teamspielerin bei der Weltmeisterschaft in Kolumbien, Freiburg), Lara H\u00f6cherl (U19-Teamspielerin, Vienna). Weitere Informationen siehe <a href=\"https:\/\/polgargym.at\/maedchenfussball\/\">hier.<\/a><\/p>\n","protected":false},"excerpt":{"rendered":"<p>In der Unterstufe bieten wir ab der 3. Klasse (7. Schulstufe) zwei Zweige \u2013 Gymnasium (mit Franz\u00f6sisch ab der 3. Klasse) und Realgymnasium \u2013 an.&nbsp; Die Schwerpunktsetzung der beiden Zweige entnehmen Sie bitte den verschiedenen Stundentafeln. Weitere Informationen erhalten Sie auch in der nachfolgenden Pr\u00e4sentation: Gymnasial-Zweig Pflichtf\u00e4cher 1. Klasse 2. Klasse 3. Klasse 4. Klasse [&hellip;]<\/p>\n","protected":false},"author":49,"featured_media":0,"parent":0,"menu_order":0,"comment_status":"closed","ping_status":"closed","template":"","meta":{"footnotes":""},"class_list":["post-302","page","type-page","status-publish","hentry"],"_links":{"self":[{"href":"https:\/\/polgargym.at\/wordpress\/wp-json\/wp\/v2\/pages\/302","targetHints":{"allow":["GET"]}}],"collection":[{"href":"https:\/\/polgargym.at\/wordpress\/wp-json\/wp\/v2\/pages"}],"about":[{"href":"https:\/\/polgargym.at\/wordpress\/wp-json\/wp\/v2\/types\/page"}],"author":[{"embeddable":true,"href":"https:\/\/polgargym.at\/wordpress\/wp-json\/wp\/v2\/users\/49"}],"replies":[{"embeddable":true,"href":"https:\/\/polgargym.at\/wordpress\/wp-json\/wp\/v2\/comments?post=302"}],"version-history":[{"count":59,"href":"https:\/\/polgargym.at\/wordpress\/wp-json\/wp\/v2\/pages\/302\/revisions"}],"predecessor-version":[{"id":11132,"href":"https:\/\/polgargym.at\/wordpress\/wp-json\/wp\/v2\/pages\/302\/revisions\/11132"}],"wp:attachment":[{"href":"https:\/\/polgargym.at\/wordpress\/wp-json\/wp\/v2\/media?parent=302"}],"curies":[{"name":"wp","href":"https:\/\/api.w.org\/{rel}","templated":true}]}}