{"id":3033,"date":"2019-10-23T08:41:01","date_gmt":"2019-10-23T06:41:01","guid":{"rendered":"https:\/\/polgargym.at\/?page_id=3033"},"modified":"2019-11-29T17:20:01","modified_gmt":"2019-11-29T16:20:01","slug":"tag-der-offenen-tuer-im-polgargymnasium","status":"publish","type":"page","link":"https:\/\/polgargym.at\/wordpress\/tag-der-offenen-tuer-im-polgargymnasium\/","title":{"rendered":"Tag der offenen T\u00fcr im Polgargymnasium"},"content":{"rendered":"\n<h2 class=\"has-text-align-center wp-block-heading\"><strong>Einladung zum Tag der offenen T\u00fcr im Polgargymnasium<\/strong><\/h2>\n\n\n\n<h2 class=\"has-text-align-center wp-block-heading\">Freitag, 6.12.2019  von 10:00- 14:00 Uhr<\/h2>\n\n\n\n<div style=\"height:49px\" aria-hidden=\"true\" class=\"wp-block-spacer\"><\/div>\n\n\n\n<h3 class=\"wp-block-heading\">Programm<\/h3>\n\n\n\n<ul class=\"wp-block-list\"><li>Ansprachen  und Informationen in der Aula von Fr. Dir. HR Mag.<sup>a<\/sup> Gabriele Michalek um 10.15, 11.15, 12.15 und 13.15<\/li><\/ul>\n\n\n\n<ul class=\"wp-block-list\"><li>Chorvorf\u00fchrungen <\/li><\/ul>\n\n\n\n<ul class=\"wp-block-list\"><li>F\u00fchrungen durch das Schulhaus durch LehrerInnen und  Sch\u00fclerInnen  <\/li><\/ul>\n\n\n\n<div style=\"height:30px\" aria-hidden=\"true\" class=\"wp-block-spacer\"><\/div>\n\n\n\n<p><strong>Verschiedene Stationen im Schulhaus: <\/strong><\/p>\n\n\n\n<ul class=\"wp-block-list\"><li>Vorf\u00fchrungen in den  Sonders\u00e4len (Chemie, Physik..) <\/li><li>Nachmittagsbetreuung<\/li><li>Schulbuffet<\/li><li>Elternverein<\/li><li>Fu\u00dfballklassen<\/li><li>Sportkooperationen  (Volleyball) <\/li><li>Textile Werkausstellung<\/li><li>Jugendrotkreuz <\/li><li>Klassen mit Musikschwerpunkt <\/li><li>Future Work Space <\/li><li>2. Fremdsprachen  (Franz\u00f6sisch, Italienisch,  Latein, Russisch, Spanisch) <\/li><li>BE: Malaktion <\/li><li>Schach<\/li><li>Lesef\u00f6rderung,  Lesehilfe <\/li><li>Jugendcoaching<\/li><\/ul>\n\n\n\n<div style=\"height:50px\" aria-hidden=\"true\" class=\"wp-block-spacer\"><\/div>\n\n\n\n<p class=\"has-medium-font-size\">Das Polgargymnasium freut sich auf Ihren Besuch! <\/p>\n\n\n\n<div style=\"height:48px\" aria-hidden=\"true\" class=\"wp-block-spacer\"><\/div>\n\n\n\n<p><span style=\"text-decoration: underline;\"><a href=\"https:\/\/polgargym.at\/?page_id=2458\"> Informationen zur Anmeldung f\u00fcr das Schuljahr 2020\/21: <\/a><\/span><\/p>\n\n\n\n<p><strong>Telefonische Terminreservierung (01\/ 202 61 41) f\u00fcr die Anmeldewoche:<\/strong> <\/p>\n\n\n\n<div style=\"height:20px\" aria-hidden=\"true\" class=\"wp-block-spacer\"><\/div>\n\n\n\n<p>Donnerstag, 09.01.2020 \u2013 Freitag, 17.01.2020 von 8.00 \u2013 12.00 Uhr <\/p>\n\n\n\n<div style=\"height:44px\" aria-hidden=\"true\" class=\"wp-block-spacer\"><\/div>\n\n\n\n<p><strong><a href=\"https:\/\/polgargym.at\/?page_id=2458\">Anmeldewoche: 17. \u2013 21. Februar 2020 Montag bis Freitag 8.00 \u2013 12.00 Uhr <\/a><\/strong><\/p>\n\n\n\n<p>Dienstag und Donnerstag auch von 14.00 \u2013 17.00 Uhr <\/p>\n","protected":false},"excerpt":{"rendered":"<p>Einladung zum Tag der offenen T\u00fcr im Polgargymnasium Freitag, 6.12.2019 von 10:00- 14:00 Uhr Programm Ansprachen und Informationen in der Aula von Fr. Dir. HR Mag.a Gabriele Michalek um 10.15, 11.15, 12.15 und 13.15 Chorvorf\u00fchrungen F\u00fchrungen durch das Schulhaus durch LehrerInnen und Sch\u00fclerInnen Verschiedene Stationen im Schulhaus: Vorf\u00fchrungen in den Sonders\u00e4len (Chemie, Physik..) Nachmittagsbetreuung Schulbuffet [&hellip;]<\/p>\n","protected":false},"author":49,"featured_media":0,"parent":0,"menu_order":0,"comment_status":"closed","ping_status":"closed","template":"","meta":{"footnotes":""},"class_list":["post-3033","page","type-page","status-publish","hentry"],"_links":{"self":[{"href":"https:\/\/polgargym.at\/wordpress\/wp-json\/wp\/v2\/pages\/3033","targetHints":{"allow":["GET"]}}],"collection":[{"href":"https:\/\/polgargym.at\/wordpress\/wp-json\/wp\/v2\/pages"}],"about":[{"href":"https:\/\/polgargym.at\/wordpress\/wp-json\/wp\/v2\/types\/page"}],"author":[{"embeddable":true,"href":"https:\/\/polgargym.at\/wordpress\/wp-json\/wp\/v2\/users\/49"}],"replies":[{"embeddable":true,"href":"https:\/\/polgargym.at\/wordpress\/wp-json\/wp\/v2\/comments?post=3033"}],"version-history":[{"count":19,"href":"https:\/\/polgargym.at\/wordpress\/wp-json\/wp\/v2\/pages\/3033\/revisions"}],"predecessor-version":[{"id":3717,"href":"https:\/\/polgargym.at\/wordpress\/wp-json\/wp\/v2\/pages\/3033\/revisions\/3717"}],"wp:attachment":[{"href":"https:\/\/polgargym.at\/wordpress\/wp-json\/wp\/v2\/media?parent=3033"}],"curies":[{"name":"wp","href":"https:\/\/api.w.org\/{rel}","templated":true}]}}

Tag der offenen Tür im Polgargymnasium

<h2 class="has-text-align-center wp-block-heading"><strong>Einladung zum Tag der offenen Tür im Polgargymnasium</strong></h2>



<h2 class="has-text-align-center wp-block-heading">Freitag, 6.12.2019  von 10:00- 14:00 Uhr</h2>



<div style="height:49px" aria-hidden="true" class="wp-block-spacer"></div>



<h3 class="wp-block-heading">Programm</h3>



<ul class="wp-block-list"><li>Ansprachen  und Informationen in der Aula von Fr. Dir. HR Mag.<sup>a</sup> Gabriele Michalek um 10.15, 11.15, 12.15 und 13.15</li></ul>



<ul class="wp-block-list"><li>Chorvorführungen </li></ul>



<ul class="wp-block-list"><li>Führungen durch das Schulhaus durch LehrerInnen und  SchülerInnen  </li></ul>



<div style="height:30px" aria-hidden="true" class="wp-block-spacer"></div>



<p><strong>Verschiedene Stationen im Schulhaus: </strong></p>



<ul class="wp-block-list"><li>Vorführungen in den  Sondersälen (Chemie, Physik..) </li><li>Nachmittagsbetreuung</li><li>Schulbuffet</li><li>Elternverein</li><li>Fußballklassen</li><li>Sportkooperationen  (Volleyball) </li><li>Textile Werkausstellung</li><li>Jugendrotkreuz </li><li>Klassen mit Musikschwerpunkt </li><li>Future Work Space </li><li>2. Fremdsprachen  (Französisch, Italienisch,  Latein, Russisch, Spanisch) </li><li>BE: Malaktion </li><li>Schach</li><li>Leseförderung,  Lesehilfe </li><li>Jugendcoaching</li></ul>



<div style="height:50px" aria-hidden="true" class="wp-block-spacer"></div>



<p class="has-medium-font-size">Das Polgargymnasium freut sich auf Ihren Besuch! </p>



<div style="height:48px" aria-hidden="true" class="wp-block-spacer"></div>



<p><span style="text-decoration: underline;"><a href="https://polgargym.at/?page_id=2458"> Informationen zur Anmeldung für das Schuljahr 2020/21: </a></span></p>



<p><strong>Telefonische Terminreservierung (01/ 202 61 41) für die Anmeldewoche:</strong> </p>



<div style="height:20px" aria-hidden="true" class="wp-block-spacer"></div>



<p>Donnerstag, 09.01.2020 – Freitag, 17.01.2020 von 8.00 – 12.00 Uhr </p>



<div style="height:44px" aria-hidden="true" class="wp-block-spacer"></div>



<p><strong><a href="https://polgargym.at/?page_id=2458">Anmeldewoche: 17. – 21. Februar 2020 Montag bis Freitag 8.00 – 12.00 Uhr </a></strong></p>



<p>Dienstag und Donnerstag auch von 14.00 – 17.00 Uhr </p>

<p>Einladung zum Tag der offenen Tür im Polgargymnasium Freitag, 6.12.2019 von 10:00- 14:00 Uhr Programm Ansprachen und Informationen in der Aula von Fr. Dir. HR Mag.a Gabriele Michalek um 10.15, 11.15, 12.15 und 13.15 Chorvorführungen Führungen durch das Schulhaus durch LehrerInnen und SchülerInnen Verschiedene Stationen im Schulhaus: Vorführungen in den Sondersälen (Chemie, Physik..) Nachmittagsbetreuung Schulbuffet [&hellip;]</p>
