{"id":3122,"date":"2019-10-29T11:18:36","date_gmt":"2019-10-29T10:18:36","guid":{"rendered":"https:\/\/polgargym.at\/?page_id=3122"},"modified":"2023-11-22T15:57:40","modified_gmt":"2023-11-22T14:57:40","slug":"geographie-und-wirtschaftskunde","status":"publish","type":"page","link":"https:\/\/polgargym.at\/wordpress\/geographie-und-wirtschaftskunde\/","title":{"rendered":"Geographie und wirtschaftliche Bildung"},"content":{"rendered":"\n<div style=\"height:50px\" aria-hidden=\"true\" class=\"wp-block-spacer\"><\/div>\n\n\n\n<h2 class=\"wp-block-heading\">Geographie und wirtschaftliche Bildung am Polgargymnasium<\/h2>\n\n\n\n<div style=\"height:50px\" aria-hidden=\"true\" class=\"wp-block-spacer\"><\/div>\n\n\n\n<p class=\"has-medium-font-size\">Im Unterrichtsfach Geographie und wirtschaftliche Bildung wollen wir mit fachspezifischen Arbeitstechniken (Umgang mit Karten, Diagrammen und Tabellen, Bildern und Satellitenbildern, Internetrecherche) die r\u00e4umliche Orientierung und ein wirtschaftskundiges Basiswissen aufbauen. Ausgehend von der Lebenswelt der Sch\u00fclerinnen und Sch\u00fcler wird im Unterricht auf aktuelle Themen, wie Globalisierung, Nachhaltigkeit und Klimawandel eingegangen. Einen weiteren Schwerpunkt bildet der Bereich \u201eArbeitswelt und Berufsorientierung\u201c.<\/p>\n\n\n\n<div style=\"height:20px\" aria-hidden=\"true\" class=\"wp-block-spacer\"><\/div>\n\n\n\n<p class=\"has-medium-font-size\">Die F\u00f6rderung von sozialpolitischen Kompetenzen durch das Kennenlernen verschiedener Kulturen und Lebensweisen ist uns ein wichtiges Anliegen.&nbsp;<\/p>\n\n\n\n<div style=\"height:20px\" aria-hidden=\"true\" class=\"wp-block-spacer\"><\/div>\n\n\n\n<p class=\"has-medium-font-size\">Um diese Ziele zu erreichen, veranstalten wir Lehrausg\u00e4nge, Exkursionen und Projekttage und laden Expertinnen und Experten aus unterschiedlichen Fachbereichen zu Vortr\u00e4gen in die Schule ein.&nbsp;<\/p>\n\n\n\n<div style=\"height:20px\" aria-hidden=\"true\" class=\"wp-block-spacer\"><\/div>\n\n\n\n<p class=\"has-medium-font-size\">F\u00fcr interessierte Sch\u00fclerinnen und Sch\u00fcler der Oberstufe wird das Wahlpflichtfach Geographie und Wirtschaftskunde angeboten, das sich aktuellen wirtschafts- und gesellschaftspolitischen Fragestellungen widmet.<\/p>\n","protected":false},"excerpt":{"rendered":"<p>Geographie und wirtschaftliche Bildung am Polgargymnasium Im Unterrichtsfach Geographie und wirtschaftliche Bildung wollen wir mit fachspezifischen Arbeitstechniken (Umgang mit Karten, Diagrammen und Tabellen, Bildern und Satellitenbildern, Internetrecherche) die r\u00e4umliche Orientierung und ein wirtschaftskundiges Basiswissen aufbauen. Ausgehend von der Lebenswelt der Sch\u00fclerinnen und Sch\u00fcler wird im Unterricht auf aktuelle Themen, wie Globalisierung, Nachhaltigkeit und Klimawandel eingegangen. [&hellip;]<\/p>\n","protected":false},"author":11,"featured_media":0,"parent":0,"menu_order":0,"comment_status":"closed","ping_status":"closed","template":"","meta":{"footnotes":""},"class_list":["post-3122","page","type-page","status-publish","hentry"],"_links":{"self":[{"href":"https:\/\/polgargym.at\/wordpress\/wp-json\/wp\/v2\/pages\/3122","targetHints":{"allow":["GET"]}}],"collection":[{"href":"https:\/\/polgargym.at\/wordpress\/wp-json\/wp\/v2\/pages"}],"about":[{"href":"https:\/\/polgargym.at\/wordpress\/wp-json\/wp\/v2\/types\/page"}],"author":[{"embeddable":true,"href":"https:\/\/polgargym.at\/wordpress\/wp-json\/wp\/v2\/users\/11"}],"replies":[{"embeddable":true,"href":"https:\/\/polgargym.at\/wordpress\/wp-json\/wp\/v2\/comments?post=3122"}],"version-history":[{"count":7,"href":"https:\/\/polgargym.at\/wordpress\/wp-json\/wp\/v2\/pages\/3122\/revisions"}],"predecessor-version":[{"id":8151,"href":"https:\/\/polgargym.at\/wordpress\/wp-json\/wp\/v2\/pages\/3122\/revisions\/8151"}],"wp:attachment":[{"href":"https:\/\/polgargym.at\/wordpress\/wp-json\/wp\/v2\/media?parent=3122"}],"curies":[{"name":"wp","href":"https:\/\/api.w.org\/{rel}","templated":true}]}}