{"id":355,"date":"2019-04-26T12:45:57","date_gmt":"2019-04-26T10:45:57","guid":{"rendered":"http:\/\/10.18.11.129\/wordpress\/?page_id=355"},"modified":"2026-02-18T13:18:30","modified_gmt":"2026-02-18T12:18:30","slug":"formulare","status":"publish","type":"page","link":"https:\/\/polgargym.at\/wordpress\/formulare\/","title":{"rendered":"Formulare \/ Downloads"},"content":{"rendered":"\n<p><\/p>\n\n\n\n<div style=\"height:51px\" aria-hidden=\"true\" class=\"wp-block-spacer\"><\/div>\n\n\n\n<p class=\"has-medium-font-size\"><\/p>\n\n\n\n<p><\/p>\n\n\n\n<div class=\"wp-block-columns is-layout-flex wp-container-core-columns-is-layout-9d6595d7 wp-block-columns-is-layout-flex\">\n<div class=\"wp-block-column is-layout-flow wp-block-column-is-layout-flow\" style=\"flex-basis:100%\">\n<figure class=\"wp-block-table is-style-stripes\"><table><tbody><tr><td><a href=\"https:\/\/polgargym.at\/wordpress\/wp-content\/uploads\/2025\/11\/Ablauf-zur-Anmeldung-1.-Klasse_2026-27-1.pdf\" data-type=\"link\" data-id=\"https:\/\/polgargym.at\/ablauf-anmeldungen-1-klassen-sj-26-27\/\">Ablauf Anmeldungen f\u00fcr die 1. Klassen im SJ 2026\/27<\/a><\/td><td><\/td><\/tr><tr><td><a href=\"https:\/\/polgargym.at\/wordpress\/wp-content\/uploads\/2026\/02\/Anmeldung_UUe_FG_2026-02-09.pdf\">Anmeldung f\u00fcr Unverbindliche \u00dcbungen und Freigegenst\u00e4nde im SJ 26\/27<\/a><\/td><td><\/td><\/tr><tr><td><a href=\"https:\/\/polgargym.at\/wordpress\/wp-content\/uploads\/2024\/08\/Verhaltenskodex_Polgargym_ab_SJ2425_2024-07-01.pdf\">Verhaltenskodex<\/a><\/td><td><\/td><\/tr><tr><td><a href=\"https:\/\/polgargym.at\/wordpress\/wp-content\/uploads\/2024\/08\/Hausordnung_Polargym_ab_SJ2425_2024-07-01.pdf\" data-type=\"link\" data-id=\"https:\/\/polgargym.at\/wordpress\/wp-content\/uploads\/2024\/08\/Hausordnung_Polargym_ab_SJ2425_2024-07-01.pdf\">Hausordnung<\/a><\/td><td><\/td><\/tr><tr><td><a href=\"https:\/\/polgargym.at\/wordpress\/wp-content\/uploads\/2026\/01\/Nutzungsordnung-KI-und-digitale-Endgeraete_Stand_2026-01-12.pdf\" data-type=\"link\" data-id=\"https:\/\/polgargym.at\/wordpress\/wp-content\/uploads\/2026\/01\/Nutzungsordnung-KI-und-digitale-Endgeraete_Stand_2026-01-12.pdf\">Nutzungsordnung KI und digitale Endger\u00e4te<\/a><\/td><td><\/td><\/tr><tr><td><a href=\"https:\/\/polgargym.at\/wordpress\/wp-content\/uploads\/2026\/01\/Nutzungsbedingungen_IT-Services_10092025.pdf\" data-type=\"link\" data-id=\"https:\/\/polgargym.at\/wordpress\/wp-content\/uploads\/2026\/01\/Nutzungsbedingungen_IT-Services_10092025.pdf\">Nutzungsordnung IT-Services<\/a><\/td><td><\/td><\/tr><tr><td><a href=\"https:\/\/polgargym.at\/wordpress\/wp-content\/uploads\/2026\/01\/Kinderschutzkonzept_Website_26_01_20.pdf\" data-type=\"link\" data-id=\"https:\/\/polgargym.at\/wordpress\/wp-content\/uploads\/2026\/01\/Kinderschutzkonzept_Website_26_01_20.pdf\">Kinder- und Jugendschutzkonzept<\/a><\/td><td><\/td><\/tr><tr><td><a href=\"https:\/\/polgargym.at\/wordpress\/wp-content\/uploads\/2025\/09\/Brandschutzordnung-Polgar-2025.09.25.pdf\" data-type=\"link\" data-id=\"https:\/\/polgargym.at\/wordpress\/wp-content\/uploads\/2025\/09\/Brandschutzordnung-Polgar-2025.09.25.pdf\">Brandschutzordnung<\/a><\/td><td><\/td><\/tr><tr><td><a href=\"https:\/\/polgargym.at\/wordpress\/wp-content\/uploads\/2025\/08\/Mutwillige-Sachbeschaedigung_25_26.pdf\" data-type=\"link\" data-id=\"https:\/\/polgargym.at\/wordpress\/wp-content\/uploads\/2025\/08\/Mutwillige-Sachbeschaedigung_25_26.pdf\">Mutwillige Sachbesch\u00e4digung<\/a><\/td><td><\/td><\/tr><tr><td><a href=\"https:\/\/polgargym.at\/?page_id=1811\">Sch\u00fclerbeihilfe \/ finanzielle Unterst\u00fctzung f\u00fcr Schulveranstaltungen<\/a><\/td><td><\/td><\/tr><tr><td><a href=\"https:\/\/polgargym.at\/?page_id=32\">Schulische Tagesbetreuung<\/a><\/td><td><\/td><\/tr><tr><td><a href=\"https:\/\/www.bildung-wien.gv.at\/schulen\/Schulverzeichnis\/Schulverzeichnis.html\" data-type=\"link\" data-id=\"https:\/\/www.bildung-wien.gv.at\/schulen\/Schulverzeichnis\/Schulverzeichnis.html\">Wiener Schulf\u00fchrer<\/a><\/td><td><\/td><\/tr><tr><td><a href=\"https:\/\/polgargym.at\/wordpress\/wp-content\/uploads\/2024\/09\/Blackout_Entlassungsmanagement_2024-09-16.pdf\">Blackoutmanagement<\/a><\/td><td><\/td><\/tr><tr><td><a href=\"https:\/\/polgargym.at\/wordpress\/wp-content\/uploads\/2024\/04\/Entschuldigungsformular.pdf\" data-type=\"link\" data-id=\"https:\/\/polgargym.at\/wordpress\/wp-content\/uploads\/2024\/04\/Entschuldigungsformular.pdf\"><\/a><a href=\"https:\/\/polgargym.at\/wordpress\/wp-content\/uploads\/2024\/04\/Entschuldigungsformular.pdf\">Entschuldigungsformular<\/a> <\/td><td><\/td><\/tr><\/tbody><\/table><\/figure>\n<\/div>\n<\/div>\n\n\n\n<p><\/p>\n","protected":false},"excerpt":{"rendered":"<p>Ablauf Anmeldungen f\u00fcr die 1. Klassen im SJ 2026\/27 Anmeldung f\u00fcr Unverbindliche \u00dcbungen und Freigegenst\u00e4nde im SJ 26\/27 Verhaltenskodex Hausordnung Nutzungsordnung KI und digitale Endger\u00e4te Nutzungsordnung IT-Services Kinder- und Jugendschutzkonzept Brandschutzordnung Mutwillige Sachbesch\u00e4digung Sch\u00fclerbeihilfe \/ finanzielle Unterst\u00fctzung f\u00fcr Schulveranstaltungen Schulische Tagesbetreuung Wiener Schulf\u00fchrer Blackoutmanagement Entschuldigungsformular<\/p>\n","protected":false},"author":11,"featured_media":0,"parent":0,"menu_order":0,"comment_status":"closed","ping_status":"closed","template":"","meta":{"footnotes":""},"class_list":["post-355","page","type-page","status-publish","hentry"],"_links":{"self":[{"href":"https:\/\/polgargym.at\/wordpress\/wp-json\/wp\/v2\/pages\/355","targetHints":{"allow":["GET"]}}],"collection":[{"href":"https:\/\/polgargym.at\/wordpress\/wp-json\/wp\/v2\/pages"}],"about":[{"href":"https:\/\/polgargym.at\/wordpress\/wp-json\/wp\/v2\/types\/page"}],"author":[{"embeddable":true,"href":"https:\/\/polgargym.at\/wordpress\/wp-json\/wp\/v2\/users\/11"}],"replies":[{"embeddable":true,"href":"https:\/\/polgargym.at\/wordpress\/wp-json\/wp\/v2\/comments?post=355"}],"version-history":[{"count":110,"href":"https:\/\/polgargym.at\/wordpress\/wp-json\/wp\/v2\/pages\/355\/revisions"}],"predecessor-version":[{"id":11752,"href":"https:\/\/polgargym.at\/wordpress\/wp-json\/wp\/v2\/pages\/355\/revisions\/11752"}],"wp:attachment":[{"href":"https:\/\/polgargym.at\/wordpress\/wp-json\/wp\/v2\/media?parent=355"}],"curies":[{"name":"wp","href":"https:\/\/api.w.org\/{rel}","templated":true}]}}