{"id":4936,"date":"2020-12-15T10:39:27","date_gmt":"2020-12-15T09:39:27","guid":{"rendered":"https:\/\/polgargym.at\/?page_id=4936"},"modified":"2025-10-10T15:00:09","modified_gmt":"2025-10-10T13:00:09","slug":"tag-der-offenen-tuer-online","status":"publish","type":"page","link":"https:\/\/polgargym.at\/wordpress\/tag-der-offenen-tuer-online\/","title":{"rendered":"Tag der offenen T\u00fcr 21. November 25"},"content":{"rendered":"\n<p class=\"has-medium-font-size\"><\/p>\n\n\n\n<blockquote class=\"wp-block-quote is-style-large is-layout-flow wp-block-quote-is-layout-flow\">\n<p>Bildung beginnt durch Neugierde.<\/p>\n<\/blockquote>\n\n\n\n<p class=\"has-medium-font-size\"><\/p>\n\n\n\n<figure class=\"wp-block-image size-large\"><img loading=\"lazy\" decoding=\"async\" width=\"724\" height=\"1024\" src=\"https:\/\/polgargym.at\/wordpress\/wp-content\/uploads\/2025\/10\/Tag-der-offenen-Tuer-724x1024.jpg\" alt=\"\" class=\"wp-image-10630\" srcset=\"https:\/\/polgargym.at\/wordpress\/wp-content\/uploads\/2025\/10\/Tag-der-offenen-Tuer-724x1024.jpg 724w, https:\/\/polgargym.at\/wordpress\/wp-content\/uploads\/2025\/10\/Tag-der-offenen-Tuer-212x300.jpg 212w, https:\/\/polgargym.at\/wordpress\/wp-content\/uploads\/2025\/10\/Tag-der-offenen-Tuer-768x1086.jpg 768w, https:\/\/polgargym.at\/wordpress\/wp-content\/uploads\/2025\/10\/Tag-der-offenen-Tuer-1086x1536.jpg 1086w, https:\/\/polgargym.at\/wordpress\/wp-content\/uploads\/2025\/10\/Tag-der-offenen-Tuer-1448x2048.jpg 1448w, https:\/\/polgargym.at\/wordpress\/wp-content\/uploads\/2025\/10\/Tag-der-offenen-Tuer.jpg 1810w\" sizes=\"auto, (max-width: 724px) 100vw, 724px\" \/><\/figure>\n\n\n\n<p><\/p>\n\n\n\n<p class=\"has-medium-font-size\">An unserem Tag der offenen T\u00fcr (21. November 25) erwartet Sie umfangreiches Rahmenprogramm, um Schulhaus, Angebote und Schwerpunkte unserer Schule kennenzulernen.<\/p>\n\n\n\n<p><\/p>\n\n\n\n<p class=\"has-medium-font-size\">Sie interessieren sich f\u00fcr unsere Schule und k\u00f6nnen nicht zum Tag der offenen T\u00fcr kommen?<\/p>\n\n\n\n<div style=\"height:46px\" aria-hidden=\"true\" class=\"wp-block-spacer\"><\/div>\n\n\n\n<figure class=\"wp-block-embed is-type-video is-provider-youtube wp-block-embed-youtube wp-embed-aspect-16-9 wp-has-aspect-ratio\"><div class=\"wp-block-embed__wrapper\">\n<iframe loading=\"lazy\" title=\"Heut ist der Tag der offenen Tu\u0308r\" width=\"750\" height=\"422\" src=\"https:\/\/www.youtube.com\/embed\/4ZOPtEql27I?feature=oembed\" frameborder=\"0\" allow=\"accelerometer; autoplay; clipboard-write; encrypted-media; gyroscope; picture-in-picture; web-share\" referrerpolicy=\"strict-origin-when-cross-origin\" allowfullscreen><\/iframe>\n<\/div><\/figure>\n\n\n\n<p class=\"has-medium-font-size\">Jedes Jahr besuchen uns viele hundert Eltern mit ihren Kindern, um sich ein Bild von unserer Schule zu machen. Manchmal ist es aus den verschiedensten Gr\u00fcnden nicht m\u00f6glich unser Schulhaus live zu besichtigen. Wir haben daf\u00fcr zwei informative Videos erstellt, damit Sie sich visuell von der gro\u00dfen Vielseitigkeit unserer Schule \u00fcberzeugen k\u00f6nnen. Wenn diese \u201eAppetizer\u201c Ihr Interesse geweckt hat, finden Sie hier auf der Homepage noch weitere ausf\u00fchrlichere Informationen zu den Angeboten unserer Schule, den einzelnen Fachgebieten und ab November auch Informationen zu den Anmeldemodalit\u00e4ten.&nbsp;&nbsp;<\/p>\n\n\n\n<div style=\"height:50px\" aria-hidden=\"true\" class=\"wp-block-spacer\"><\/div>\n\n\n\n<figure class=\"wp-block-embed is-type-video is-provider-youtube wp-block-embed-youtube wp-embed-aspect-16-9 wp-has-aspect-ratio\"><div class=\"wp-block-embed__wrapper\">\n<iframe loading=\"lazy\" title=\"Das Polgargymnasium stellt sich vor\" width=\"750\" height=\"422\" src=\"https:\/\/www.youtube.com\/embed\/MqYDBZ_Qjdw?feature=oembed\" frameborder=\"0\" allow=\"accelerometer; autoplay; clipboard-write; encrypted-media; gyroscope; picture-in-picture; web-share\" referrerpolicy=\"strict-origin-when-cross-origin\" allowfullscreen><\/iframe>\n<\/div><\/figure>\n","protected":false},"excerpt":{"rendered":"<p>Bildung beginnt durch Neugierde. An unserem Tag der offenen T\u00fcr (21. November 25) erwartet Sie umfangreiches Rahmenprogramm, um Schulhaus, Angebote und Schwerpunkte unserer Schule kennenzulernen. Sie interessieren sich f\u00fcr unsere Schule und k\u00f6nnen nicht zum Tag der offenen T\u00fcr kommen? Jedes Jahr besuchen uns viele hundert Eltern mit ihren Kindern, um sich ein Bild von [&hellip;]<\/p>\n","protected":false},"author":11,"featured_media":0,"parent":0,"menu_order":0,"comment_status":"closed","ping_status":"closed","template":"","meta":{"footnotes":""},"class_list":["post-4936","page","type-page","status-publish","hentry"],"_links":{"self":[{"href":"https:\/\/polgargym.at\/wordpress\/wp-json\/wp\/v2\/pages\/4936","targetHints":{"allow":["GET"]}}],"collection":[{"href":"https:\/\/polgargym.at\/wordpress\/wp-json\/wp\/v2\/pages"}],"about":[{"href":"https:\/\/polgargym.at\/wordpress\/wp-json\/wp\/v2\/types\/page"}],"author":[{"embeddable":true,"href":"https:\/\/polgargym.at\/wordpress\/wp-json\/wp\/v2\/users\/11"}],"replies":[{"embeddable":true,"href":"https:\/\/polgargym.at\/wordpress\/wp-json\/wp\/v2\/comments?post=4936"}],"version-history":[{"count":18,"href":"https:\/\/polgargym.at\/wordpress\/wp-json\/wp\/v2\/pages\/4936\/revisions"}],"predecessor-version":[{"id":10631,"href":"https:\/\/polgargym.at\/wordpress\/wp-json\/wp\/v2\/pages\/4936\/revisions\/10631"}],"wp:attachment":[{"href":"https:\/\/polgargym.at\/wordpress\/wp-json\/wp\/v2\/media?parent=4936"}],"curies":[{"name":"wp","href":"https:\/\/api.w.org\/{rel}","templated":true}]}}

Tag der offenen Tür 21. November 25

<p class="has-medium-font-size"></p>



<blockquote class="wp-block-quote is-style-large is-layout-flow wp-block-quote-is-layout-flow">
<p>Bildung beginnt durch Neugierde.</p>
</blockquote>



<p class="has-medium-font-size"></p>



<figure class="wp-block-image size-large"><img loading="lazy" decoding="async" width="724" height="1024" src="https://polgargym.at/wordpress/wp-content/uploads/2025/10/Tag-der-offenen-Tuer-724x1024.jpg" alt="" class="wp-image-10630" srcset="https://polgargym.at/wordpress/wp-content/uploads/2025/10/Tag-der-offenen-Tuer-724x1024.jpg 724w, https://polgargym.at/wordpress/wp-content/uploads/2025/10/Tag-der-offenen-Tuer-212x300.jpg 212w, https://polgargym.at/wordpress/wp-content/uploads/2025/10/Tag-der-offenen-Tuer-768x1086.jpg 768w, https://polgargym.at/wordpress/wp-content/uploads/2025/10/Tag-der-offenen-Tuer-1086x1536.jpg 1086w, https://polgargym.at/wordpress/wp-content/uploads/2025/10/Tag-der-offenen-Tuer-1448x2048.jpg 1448w, https://polgargym.at/wordpress/wp-content/uploads/2025/10/Tag-der-offenen-Tuer.jpg 1810w" sizes="auto, (max-width: 724px) 100vw, 724px" /></figure>



<p></p>



<p class="has-medium-font-size">An unserem Tag der offenen Tür (21. November 25) erwartet Sie umfangreiches Rahmenprogramm, um Schulhaus, Angebote und Schwerpunkte unserer Schule kennenzulernen.</p>



<p></p>



<p class="has-medium-font-size">Sie interessieren sich für unsere Schule und können nicht zum Tag der offenen Tür kommen?</p>



<div style="height:46px" aria-hidden="true" class="wp-block-spacer"></div>



<figure class="wp-block-embed is-type-video is-provider-youtube wp-block-embed-youtube wp-embed-aspect-16-9 wp-has-aspect-ratio"><div class="wp-block-embed__wrapper">
<iframe loading="lazy" title="Heut ist der Tag der offenen Tür" width="750" height="422" src="https://www.youtube.com/embed/4ZOPtEql27I?feature=oembed" frameborder="0" allow="accelerometer; autoplay; clipboard-write; encrypted-media; gyroscope; picture-in-picture; web-share" referrerpolicy="strict-origin-when-cross-origin" allowfullscreen></iframe>
</div></figure>



<p class="has-medium-font-size">Jedes Jahr besuchen uns viele hundert Eltern mit ihren Kindern, um sich ein Bild von unserer Schule zu machen. Manchmal ist es aus den verschiedensten Gründen nicht möglich unser Schulhaus live zu besichtigen. Wir haben dafür zwei informative Videos erstellt, damit Sie sich visuell von der großen Vielseitigkeit unserer Schule überzeugen können. Wenn diese „Appetizer“ Ihr Interesse geweckt hat, finden Sie hier auf der Homepage noch weitere ausführlichere Informationen zu den Angeboten unserer Schule, den einzelnen Fachgebieten und ab November auch Informationen zu den Anmeldemodalitäten.&nbsp;&nbsp;</p>



<div style="height:50px" aria-hidden="true" class="wp-block-spacer"></div>



<figure class="wp-block-embed is-type-video is-provider-youtube wp-block-embed-youtube wp-embed-aspect-16-9 wp-has-aspect-ratio"><div class="wp-block-embed__wrapper">
<iframe loading="lazy" title="Das Polgargymnasium stellt sich vor" width="750" height="422" src="https://www.youtube.com/embed/MqYDBZ_Qjdw?feature=oembed" frameborder="0" allow="accelerometer; autoplay; clipboard-write; encrypted-media; gyroscope; picture-in-picture; web-share" referrerpolicy="strict-origin-when-cross-origin" allowfullscreen></iframe>
</div></figure>

<p>Bildung beginnt durch Neugierde. An unserem Tag der offenen Tür (21. November 25) erwartet Sie umfangreiches Rahmenprogramm, um Schulhaus, Angebote und Schwerpunkte unserer Schule kennenzulernen. Sie interessieren sich für unsere Schule und können nicht zum Tag der offenen Tür kommen? Jedes Jahr besuchen uns viele hundert Eltern mit ihren Kindern, um sich ein Bild von [&hellip;]</p>
