{"id":5658,"date":"2021-10-20T23:06:42","date_gmt":"2021-10-20T21:06:42","guid":{"rendered":"https:\/\/polgargym.at\/?page_id=5658"},"modified":"2021-10-20T23:06:43","modified_gmt":"2021-10-20T21:06:43","slug":"6d-zu-besuch-bei-unhcr-in-der-uno","status":"publish","type":"page","link":"https:\/\/polgargym.at\/wordpress\/6d-zu-besuch-bei-unhcr-in-der-uno\/","title":{"rendered":"6D zu Besuch bei UNHCR in der Uno"},"content":{"rendered":"\n<p>Fl\u00fcchtlingsagentur der Vereinten Nationen. Durch zwei Mitarbeiter*innen wurden wir \u00fcber die T\u00e4tigkeitsbereiche der Organisation informiert. Wir erfuhren, dass derzeit eine Rekordzahl von 82 Millionen Menschen auf der Flucht sind, wobei in etwa die H\u00e4lfte davon im eigenen Land vertrieben sind, nur ein Bruchteil der Fl\u00fcchtenden gelangt nach Europa. Es war uns bekannt, dass Syrien und Afphganistan an der Spitze der Herkunftsl\u00e4nder von Fl\u00fcchtlingen stehen, doch erfuhren wir, dass Venezuela und Myanmar dicht folgen. Oft wird der Eindruck vermittelt, dass \u00d6sterreich eines der gr\u00f6\u00dften Aufnahmel\u00e4nder von Fl\u00fcchtlingen ist. Dies ist jedoch v\u00f6llig falsch, die L\u00e4nder, die den meisten Asylsuchenden Schutz gew\u00e4hren, sind die T\u00fcrkei, Columbien und Pakistan. 80% der Fl\u00fcchtenden leben in Regionen, in denen Ern\u00e4hrungsunsicherheit herrscht. In einem Zelt, in dem in UNHCR-Lagern 15 Personen leben, konnten wir eine Ahnung von den Lebensbedingungen der Fl\u00fcchtenden bekommen. <\/p>\n\n\n\n<div style=\"height:30px\" aria-hidden=\"true\" class=\"wp-block-spacer\"><\/div>\n\n\n\n<p>Im Weiteren wurden wir in den gro\u00dfen Sitzungssaal der UNO gef\u00fchrt, in dem die internationalen Konferenzen der einzelnen Agenturen stattfinden. Vielen von uns  erschein eine T\u00e4tigkeit im Rahmen der UNO als spannendes Berufsfeld. Was Grundvoraussetzung daf\u00fcr ist? Ausgezeichnete Fremdsprachenkenntnisse! (6D, Dr. Karin Zettl)<\/p>\n\n\n\n<figure class=\"wp-block-image size-large\"><img loading=\"lazy\" decoding=\"async\" width=\"1024\" height=\"768\" src=\"https:\/\/polgargym.at\/wordpress\/wp-content\/uploads\/2021\/10\/20211001_112430-1024x768.jpg\" alt=\"\" class=\"wp-image-5650\" srcset=\"https:\/\/polgargym.at\/wordpress\/wp-content\/uploads\/2021\/10\/20211001_112430-1024x768.jpg 1024w, https:\/\/polgargym.at\/wordpress\/wp-content\/uploads\/2021\/10\/20211001_112430-300x225.jpg 300w, https:\/\/polgargym.at\/wordpress\/wp-content\/uploads\/2021\/10\/20211001_112430-768x576.jpg 768w, https:\/\/polgargym.at\/wordpress\/wp-content\/uploads\/2021\/10\/20211001_112430-1536x1152.jpg 1536w, https:\/\/polgargym.at\/wordpress\/wp-content\/uploads\/2021\/10\/20211001_112430-2048x1536.jpg 2048w\" sizes=\"auto, (max-width: 1024px) 100vw, 1024px\" \/><\/figure>\n\n\n\n<figure class=\"wp-block-image size-large\"><img loading=\"lazy\" decoding=\"async\" width=\"1024\" height=\"768\" src=\"https:\/\/polgargym.at\/wordpress\/wp-content\/uploads\/2021\/10\/20211001_094341-1024x768.jpg\" alt=\"\" class=\"wp-image-5651\" srcset=\"https:\/\/polgargym.at\/wordpress\/wp-content\/uploads\/2021\/10\/20211001_094341-1024x768.jpg 1024w, https:\/\/polgargym.at\/wordpress\/wp-content\/uploads\/2021\/10\/20211001_094341-300x225.jpg 300w, https:\/\/polgargym.at\/wordpress\/wp-content\/uploads\/2021\/10\/20211001_094341-768x576.jpg 768w, https:\/\/polgargym.at\/wordpress\/wp-content\/uploads\/2021\/10\/20211001_094341-1536x1152.jpg 1536w, https:\/\/polgargym.at\/wordpress\/wp-content\/uploads\/2021\/10\/20211001_094341-2048x1536.jpg 2048w\" sizes=\"auto, (max-width: 1024px) 100vw, 1024px\" \/><\/figure>\n\n\n\n<figure class=\"wp-block-image size-large\"><img loading=\"lazy\" decoding=\"async\" width=\"1024\" height=\"768\" src=\"https:\/\/polgargym.at\/wordpress\/wp-content\/uploads\/2021\/10\/20211001_100640-1024x768.jpg\" alt=\"\" class=\"wp-image-5652\" srcset=\"https:\/\/polgargym.at\/wordpress\/wp-content\/uploads\/2021\/10\/20211001_100640-1024x768.jpg 1024w, https:\/\/polgargym.at\/wordpress\/wp-content\/uploads\/2021\/10\/20211001_100640-300x225.jpg 300w, https:\/\/polgargym.at\/wordpress\/wp-content\/uploads\/2021\/10\/20211001_100640-768x576.jpg 768w, https:\/\/polgargym.at\/wordpress\/wp-content\/uploads\/2021\/10\/20211001_100640-1536x1152.jpg 1536w, https:\/\/polgargym.at\/wordpress\/wp-content\/uploads\/2021\/10\/20211001_100640-2048x1536.jpg 2048w\" sizes=\"auto, (max-width: 1024px) 100vw, 1024px\" \/><\/figure>\n\n\n\n<figure class=\"wp-block-image size-large\"><img loading=\"lazy\" decoding=\"async\" width=\"1024\" height=\"768\" src=\"https:\/\/polgargym.at\/wordpress\/wp-content\/uploads\/2021\/10\/20211001_105357-1024x768.jpg\" alt=\"\" class=\"wp-image-5653\" srcset=\"https:\/\/polgargym.at\/wordpress\/wp-content\/uploads\/2021\/10\/20211001_105357-1024x768.jpg 1024w, https:\/\/polgargym.at\/wordpress\/wp-content\/uploads\/2021\/10\/20211001_105357-300x225.jpg 300w, https:\/\/polgargym.at\/wordpress\/wp-content\/uploads\/2021\/10\/20211001_105357-768x576.jpg 768w, https:\/\/polgargym.at\/wordpress\/wp-content\/uploads\/2021\/10\/20211001_105357-1536x1152.jpg 1536w, https:\/\/polgargym.at\/wordpress\/wp-content\/uploads\/2021\/10\/20211001_105357-2048x1536.jpg 2048w\" sizes=\"auto, (max-width: 1024px) 100vw, 1024px\" \/><\/figure>\n","protected":false},"excerpt":{"rendered":"<p>Fl\u00fcchtlingsagentur der Vereinten Nationen. Durch zwei Mitarbeiter*innen wurden wir \u00fcber die T\u00e4tigkeitsbereiche der Organisation informiert. Wir erfuhren, dass derzeit eine Rekordzahl von 82 Millionen Menschen auf der Flucht sind, wobei in etwa die H\u00e4lfte davon im eigenen Land vertrieben sind, nur ein Bruchteil der Fl\u00fcchtenden gelangt nach Europa. Es war uns bekannt, dass Syrien und [&hellip;]<\/p>\n","protected":false},"author":11,"featured_media":0,"parent":0,"menu_order":0,"comment_status":"closed","ping_status":"closed","template":"","meta":{"footnotes":""},"class_list":["post-5658","page","type-page","status-publish","hentry"],"_links":{"self":[{"href":"https:\/\/polgargym.at\/wordpress\/wp-json\/wp\/v2\/pages\/5658","targetHints":{"allow":["GET"]}}],"collection":[{"href":"https:\/\/polgargym.at\/wordpress\/wp-json\/wp\/v2\/pages"}],"about":[{"href":"https:\/\/polgargym.at\/wordpress\/wp-json\/wp\/v2\/types\/page"}],"author":[{"embeddable":true,"href":"https:\/\/polgargym.at\/wordpress\/wp-json\/wp\/v2\/users\/11"}],"replies":[{"embeddable":true,"href":"https:\/\/polgargym.at\/wordpress\/wp-json\/wp\/v2\/comments?post=5658"}],"version-history":[{"count":1,"href":"https:\/\/polgargym.at\/wordpress\/wp-json\/wp\/v2\/pages\/5658\/revisions"}],"predecessor-version":[{"id":5660,"href":"https:\/\/polgargym.at\/wordpress\/wp-json\/wp\/v2\/pages\/5658\/revisions\/5660"}],"wp:attachment":[{"href":"https:\/\/polgargym.at\/wordpress\/wp-json\/wp\/v2\/media?parent=5658"}],"curies":[{"name":"wp","href":"https:\/\/api.w.org\/{rel}","templated":true}]}}