{"id":594,"date":"2019-05-03T12:32:55","date_gmt":"2019-05-03T10:32:55","guid":{"rendered":"http:\/\/10.18.11.144\/wordpress\/?page_id=594"},"modified":"2020-03-20T12:58:29","modified_gmt":"2020-03-20T11:58:29","slug":"schulmail-office365","status":"publish","type":"page","link":"https:\/\/polgargym.at\/wordpress\/schulmail-office365\/","title":{"rendered":"Office365 f\u00fcr Sch\u00fclerInnen"},"content":{"rendered":"\n<p>Durch eine Kooperation mit der Firma Microsoft jeder Sch\u00fclerIn am Polgargymnasium <em>Office365 <\/em>gratis zur Verf\u00fcgung. So k\u00f6nnen die Sch\u00fcler\/innen die neuesten Microsoft Programme am PC, Smartphone, Ipad etc. gratis nutzen.<\/p>\n\n\n\n<p>F\u00fcr die Installation der <em>Office365 <\/em>Programme am PC oder Mac<em> <\/em>befolgen Sie bitte die folgende <a rel=\"noreferrer noopener\" aria-label=\" (\u00f6ffnet in neuem Tab)\" href=\"\/wordpress\/wp-content\/uploads\/2019\/05\/Office365ProPlus_fuer_Schueler-1-2.pdf\" target=\"_blank\">Anleitung<\/a>.<\/p>\n","protected":false},"excerpt":{"rendered":"<p>Durch eine Kooperation mit der Firma Microsoft jeder Sch\u00fclerIn am Polgargymnasium Office365 gratis zur Verf\u00fcgung. So k\u00f6nnen die Sch\u00fcler\/innen die neuesten Microsoft Programme am PC, Smartphone, Ipad etc. gratis nutzen. F\u00fcr die Installation der Office365 Programme am PC oder Mac befolgen Sie bitte die folgende Anleitung.<\/p>\n","protected":false},"author":49,"featured_media":0,"parent":0,"menu_order":0,"comment_status":"closed","ping_status":"closed","template":"","meta":{"footnotes":""},"class_list":["post-594","page","type-page","status-publish","hentry"],"_links":{"self":[{"href":"https:\/\/polgargym.at\/wordpress\/wp-json\/wp\/v2\/pages\/594","targetHints":{"allow":["GET"]}}],"collection":[{"href":"https:\/\/polgargym.at\/wordpress\/wp-json\/wp\/v2\/pages"}],"about":[{"href":"https:\/\/polgargym.at\/wordpress\/wp-json\/wp\/v2\/types\/page"}],"author":[{"embeddable":true,"href":"https:\/\/polgargym.at\/wordpress\/wp-json\/wp\/v2\/users\/49"}],"replies":[{"embeddable":true,"href":"https:\/\/polgargym.at\/wordpress\/wp-json\/wp\/v2\/comments?post=594"}],"version-history":[{"count":16,"href":"https:\/\/polgargym.at\/wordpress\/wp-json\/wp\/v2\/pages\/594\/revisions"}],"predecessor-version":[{"id":4136,"href":"https:\/\/polgargym.at\/wordpress\/wp-json\/wp\/v2\/pages\/594\/revisions\/4136"}],"wp:attachment":[{"href":"https:\/\/polgargym.at\/wordpress\/wp-json\/wp\/v2\/media?parent=594"}],"curies":[{"name":"wp","href":"https:\/\/api.w.org\/{rel}","templated":true}]}}