{"id":5943,"date":"2022-03-25T13:01:51","date_gmt":"2022-03-25T12:01:51","guid":{"rendered":"https:\/\/polgargym.at\/?page_id=5943"},"modified":"2022-03-25T13:04:42","modified_gmt":"2022-03-25T12:04:42","slug":"fussball-spielen-mit-ziel","status":"publish","type":"page","link":"https:\/\/polgargym.at\/wordpress\/fussball-spielen-mit-ziel\/","title":{"rendered":"Fu\u00dfballspielen mit Ziel"},"content":{"rendered":"\n<p><\/p>\n\n\n\n<p>Nach langem Warten starten die Polgargirls wieder mit einer Schulveranstaltung. Sie reisten von nach Stockerau, um dort mit dem Fu\u00dfball Golf zu spielen.<\/p>\n\n\n\n<figure class=\"wp-block-image size-large\"><img loading=\"lazy\" decoding=\"async\" width=\"1024\" height=\"956\" src=\"https:\/\/polgargym.at\/wordpress\/wp-content\/uploads\/2022\/03\/pr-shakira-1024x956.jpg\" alt=\"\" class=\"wp-image-5944\" srcset=\"https:\/\/polgargym.at\/wordpress\/wp-content\/uploads\/2022\/03\/pr-shakira-1024x956.jpg 1024w, https:\/\/polgargym.at\/wordpress\/wp-content\/uploads\/2022\/03\/pr-shakira-300x280.jpg 300w, https:\/\/polgargym.at\/wordpress\/wp-content\/uploads\/2022\/03\/pr-shakira-768x717.jpg 768w, https:\/\/polgargym.at\/wordpress\/wp-content\/uploads\/2022\/03\/pr-shakira-1536x1435.jpg 1536w, https:\/\/polgargym.at\/wordpress\/wp-content\/uploads\/2022\/03\/pr-shakira-2048x1913.jpg 2048w\" sizes=\"auto, (max-width: 1024px) 100vw, 1024px\" \/><figcaption>Bei jeder Bahn stand eine Tafel, wo sich die Polgargirls informierten, wie diese Aufgabe zu bew\u00e4ltigen sei.<\/figcaption><\/figure>\n\n\n\n<p>Da einige von den Sch\u00fclerinnen beim M\u00e4dchenleistungszentrum (MLZ) des Wiener Fu\u00dfballverbandes engagiert sind, \u00fcberschnitt sich dieser Termin, und es waren 15 Sch\u00fclerinnen mit von der Partie.<\/p>\n\n\n\n<div style=\"height:30px\" aria-hidden=\"true\" class=\"wp-block-spacer\"><\/div>\n\n\n\n<p>Diese w\u00e4rmten sich mit einem Fu\u00dfmarsch vom Bahnhof Spillern zur Kaiserrast auf, um sich dann kurz mit einer Suppe zu st\u00e4rken. Dann ging es schon los. In vier Gruppen aufgeteilt und nach einer kurzen Einweisung vom Juniorchef des Hauses, Christoph Kaiser, versuchten sich die M\u00e4dels im Soccergolf auf insgesamt 18 Bahnen. Soccergolf ist wie Golfspielen, allerdings wird dazu ein Fu\u00dfball verwendet und die eigenen Beine zum Schie\u00dfen. Nach \u00fcber zwei Stunden spielen und teilweise auch \u00e4rgern, wenn der Ball nicht so ins Loch will, wie es die talentierten Fu\u00dfballerinnen sich vorstellten, ging es dann zum abschlie\u00dfenden Buffet, wo der Hunger gestillt und der \u00c4rger etwas runtergeschluckt wurde.<\/p>\n\n\n\n<div style=\"height:30px\" aria-hidden=\"true\" class=\"wp-block-spacer\"><\/div>\n\n\n\n<p>Um sich den Fu\u00dfmarsch zur\u00fcck zu ersparen, holten die Eltern ihre T\u00f6chter von der Kaiserrast ab. Einige meinten sogar, dass sie wiederkommen werden, denn es sei nicht weit weg von Wien und gefalle ihnen.<\/p>\n\n\n\n<p>\u201eDa wir bei der Adventaktion die Einladung gewonnen haben, freut es mich umso mehr, dass die M\u00e4dels voller Engagement bei der Sache waren und wir herzlich empfangen wurden. Ein Wiedersehen gibt es sicher wieder\u201c, meinte der WFV-Trainer des Polgargymnasium Karlheinz Piringer mehr als zufrieden.<\/p>\n\n\n\n<p>Infos:<\/p>\n\n\n\n<p><a href=\"https:\/\/www.soccergolfstockerau.at\/\">https:\/\/www.soccergolfstockerau.at\/<\/a><\/p>\n\n\n\n<p><\/p>\n\n\n\n<p><\/p>\n\n\n\n<p><\/p>\n\n\n\n<p><\/p>\n\n\n\n<figure class=\"wp-block-image size-large\"><img loading=\"lazy\" decoding=\"async\" width=\"1024\" height=\"795\" src=\"https:\/\/polgargym.at\/wordpress\/wp-content\/uploads\/2022\/03\/pr-3a-1024x795.jpg\" alt=\"\" class=\"wp-image-5946\" srcset=\"https:\/\/polgargym.at\/wordpress\/wp-content\/uploads\/2022\/03\/pr-3a-1024x795.jpg 1024w, https:\/\/polgargym.at\/wordpress\/wp-content\/uploads\/2022\/03\/pr-3a-300x233.jpg 300w, https:\/\/polgargym.at\/wordpress\/wp-content\/uploads\/2022\/03\/pr-3a-768x596.jpg 768w, https:\/\/polgargym.at\/wordpress\/wp-content\/uploads\/2022\/03\/pr-3a-1536x1193.jpg 1536w, https:\/\/polgargym.at\/wordpress\/wp-content\/uploads\/2022\/03\/pr-3a-2048x1590.jpg 2048w\" sizes=\"auto, (max-width: 1024px) 100vw, 1024px\" \/><figcaption>Die 3A-der Fu\u00dfballklasse des Polgargymnasiums war mit Eifer und wie man sieht auch mit viel Spa\u00df und Kreativit\u00e4t beim Soccergolf in der Kaiserrast Stockerau.<\/figcaption><\/figure>\n\n\n\n<p><\/p>\n\n\n\n<figure class=\"wp-block-image size-large\"><img loading=\"lazy\" decoding=\"async\" width=\"1024\" height=\"461\" src=\"https:\/\/polgargym.at\/wordpress\/wp-content\/uploads\/2022\/03\/pr-kaiser-1024x461.jpeg\" alt=\"\" class=\"wp-image-5945\" srcset=\"https:\/\/polgargym.at\/wordpress\/wp-content\/uploads\/2022\/03\/pr-kaiser-1024x461.jpeg 1024w, https:\/\/polgargym.at\/wordpress\/wp-content\/uploads\/2022\/03\/pr-kaiser-300x135.jpeg 300w, https:\/\/polgargym.at\/wordpress\/wp-content\/uploads\/2022\/03\/pr-kaiser-768x346.jpeg 768w, https:\/\/polgargym.at\/wordpress\/wp-content\/uploads\/2022\/03\/pr-kaiser-1536x691.jpeg 1536w, https:\/\/polgargym.at\/wordpress\/wp-content\/uploads\/2022\/03\/pr-kaiser.jpeg 1600w\" sizes=\"auto, (max-width: 1024px) 100vw, 1024px\" \/><figcaption>Trotz vieler Termine fand Junior-Chef, Christoph Kaiser, Zeit, um sich mit den talentierten Sch\u00fclerinnen der WFV-Fu\u00dfballklassen des Polgargymnasiums ablichten zu lassen.<\/figcaption><\/figure>\n\n\n\n<p><\/p>\n","protected":false},"excerpt":{"rendered":"<p>Nach langem Warten starten die Polgargirls wieder mit einer Schulveranstaltung. Sie reisten von nach Stockerau, um dort mit dem Fu\u00dfball Golf zu spielen. Da einige von den Sch\u00fclerinnen beim M\u00e4dchenleistungszentrum (MLZ) des Wiener Fu\u00dfballverbandes engagiert sind, \u00fcberschnitt sich dieser Termin, und es waren 15 Sch\u00fclerinnen mit von der Partie. Diese w\u00e4rmten sich mit einem Fu\u00dfmarsch [&hellip;]<\/p>\n","protected":false},"author":11,"featured_media":0,"parent":0,"menu_order":0,"comment_status":"closed","ping_status":"closed","template":"","meta":{"footnotes":""},"class_list":["post-5943","page","type-page","status-publish","hentry"],"_links":{"self":[{"href":"https:\/\/polgargym.at\/wordpress\/wp-json\/wp\/v2\/pages\/5943","targetHints":{"allow":["GET"]}}],"collection":[{"href":"https:\/\/polgargym.at\/wordpress\/wp-json\/wp\/v2\/pages"}],"about":[{"href":"https:\/\/polgargym.at\/wordpress\/wp-json\/wp\/v2\/types\/page"}],"author":[{"embeddable":true,"href":"https:\/\/polgargym.at\/wordpress\/wp-json\/wp\/v2\/users\/11"}],"replies":[{"embeddable":true,"href":"https:\/\/polgargym.at\/wordpress\/wp-json\/wp\/v2\/comments?post=5943"}],"version-history":[{"count":3,"href":"https:\/\/polgargym.at\/wordpress\/wp-json\/wp\/v2\/pages\/5943\/revisions"}],"predecessor-version":[{"id":5952,"href":"https:\/\/polgargym.at\/wordpress\/wp-json\/wp\/v2\/pages\/5943\/revisions\/5952"}],"wp:attachment":[{"href":"https:\/\/polgargym.at\/wordpress\/wp-json\/wp\/v2\/media?parent=5943"}],"curies":[{"name":"wp","href":"https:\/\/api.w.org\/{rel}","templated":true}]}}