{"id":6830,"date":"2023-01-10T18:16:12","date_gmt":"2023-01-10T17:16:12","guid":{"rendered":"https:\/\/polgargym.at\/?page_id=6830"},"modified":"2023-01-10T18:19:14","modified_gmt":"2023-01-10T17:19:14","slug":"same-procedure-as-every-year-soccergolf-in-stockerau-ein-sportliches-weihnachtsgeschenk","status":"publish","type":"page","link":"https:\/\/polgargym.at\/wordpress\/same-procedure-as-every-year-soccergolf-in-stockerau-ein-sportliches-weihnachtsgeschenk\/","title":{"rendered":"Same procedure as every year: Soccergolf in Stockerau &#038; ein sportliches Weihnachtsgeschenk"},"content":{"rendered":"\n<p><\/p>\n\n\n\n<p class=\"has-medium-font-size\">Wie jedes Jahr war der Saisonabschluss der unverbindlichen \u00dcbung M\u00e4dchenfu\u00dfball der klassische Ausflug in die Kaiserrast Stockerau. Dort wird nicht nur gut gespeist, sondern vorher geht es bei k\u00fchlen Temperaturen \u00fcber den Soccergolf-Parcour.<\/p>\n\n\n\n<div style=\"height:44px\" aria-hidden=\"true\" class=\"wp-block-spacer\"><\/div>\n\n\n\n<p class=\"has-medium-font-size\">16 Sch\u00fclerinnen des Wiener Polgargymnasiums teilten sich in vier Gruppe auf und absolvierten den 18-Loch Golfplatz. Zuvor gab es noch eine kurze St\u00e4rkung in Form von einer kr\u00e4ftigen Suppe.&nbsp;<\/p>\n\n\n\n<div style=\"height:55px\" aria-hidden=\"true\" class=\"wp-block-spacer\"><\/div>\n\n\n\n<p class=\"has-medium-font-size\">Mit viel Gef\u00fchl und Pr\u00e4zision wurden die Fu\u00dfb\u00e4lle mit wenigen Sch\u00fcssen in die vorgesehenen L\u00f6cher versenkt. Eine Schreiberin notierte die Versuche und wurde immer wieder von den Gruppenmitgliederinnen kontrolliert.<\/p>\n\n\n\n<div style=\"height:53px\" aria-hidden=\"true\" class=\"wp-block-spacer\"><\/div>\n\n\n\n<p class=\"has-medium-font-size\">Nach zweieinhalb Stunden landete der letzte Ball im Kofferaum eines Mercedes und fertig war das Soccergolf. Im warmen St\u00fcberl wurde verdienterma\u00dfen das \u00fcppige Abendessen eingenommen. Inzwischen trafen auch die Eltern der Sch\u00fclerinnen ein und alle machten sich danach mit einem lachenden Gesicht auf den Heimweg.<\/p>\n\n\n\n<p class=\"has-medium-font-size\">Die Kaiserrast lie\u00df es sich nicht nehmen, die S\u00e4fte gratis zur Verf\u00fcgung zu stellen. Vera Kaiser zeigte sich angetan: \u201eDie M\u00e4dls waren \u00fcberaus diszipliniert und h\u00f6flich. Dar\u00fcber hinaus k\u00f6nnen sie auch gut kicken, wie ich mir selbst ein Bild machen konnte.\u201c<\/p>\n\n\n\n<figure class=\"wp-block-image size-full\"><img loading=\"lazy\" decoding=\"async\" width=\"1000\" height=\"682\" src=\"https:\/\/polgargym.at\/wordpress\/wp-content\/uploads\/2023\/01\/pr-soccergolf-k.jpg\" alt=\"\" class=\"wp-image-6831\" srcset=\"https:\/\/polgargym.at\/wordpress\/wp-content\/uploads\/2023\/01\/pr-soccergolf-k.jpg 1000w, https:\/\/polgargym.at\/wordpress\/wp-content\/uploads\/2023\/01\/pr-soccergolf-k-300x205.jpg 300w, https:\/\/polgargym.at\/wordpress\/wp-content\/uploads\/2023\/01\/pr-soccergolf-k-768x524.jpg 768w\" sizes=\"auto, (max-width: 1000px) 100vw, 1000px\" \/><figcaption class=\"wp-element-caption\">Vera Kaiser, Vertreterin von Soccergolf, stellte sich mit den Fu\u00dfballerinnen der Polgarstra\u00dfe zu einem gemeinsamen Fotoshooting.<br><\/figcaption><\/figure>\n\n\n\n<figure class=\"wp-block-image size-full\"><img loading=\"lazy\" decoding=\"async\" width=\"1000\" height=\"635\" src=\"https:\/\/polgargym.at\/wordpress\/wp-content\/uploads\/2023\/01\/pr-ballloch.jpg\" alt=\"\" class=\"wp-image-6832\" srcset=\"https:\/\/polgargym.at\/wordpress\/wp-content\/uploads\/2023\/01\/pr-ballloch.jpg 1000w, https:\/\/polgargym.at\/wordpress\/wp-content\/uploads\/2023\/01\/pr-ballloch-300x191.jpg 300w, https:\/\/polgargym.at\/wordpress\/wp-content\/uploads\/2023\/01\/pr-ballloch-768x488.jpg 768w\" sizes=\"auto, (max-width: 1000px) 100vw, 1000px\" \/><figcaption class=\"wp-element-caption\">Die talentierten Polgargirls versuchten die B\u00e4lle im Loch zu versenken.<\/figcaption><\/figure>\n\n\n\n<figure class=\"wp-block-image size-full\"><img loading=\"lazy\" decoding=\"async\" width=\"1000\" height=\"920\" src=\"https:\/\/polgargym.at\/wordpress\/wp-content\/uploads\/2023\/01\/pr-soccergolf.jpg\" alt=\"\" class=\"wp-image-6833\" srcset=\"https:\/\/polgargym.at\/wordpress\/wp-content\/uploads\/2023\/01\/pr-soccergolf.jpg 1000w, https:\/\/polgargym.at\/wordpress\/wp-content\/uploads\/2023\/01\/pr-soccergolf-300x276.jpg 300w, https:\/\/polgargym.at\/wordpress\/wp-content\/uploads\/2023\/01\/pr-soccergolf-768x707.jpg 768w\" sizes=\"auto, (max-width: 1000px) 100vw, 1000px\" \/><figcaption class=\"wp-element-caption\">Die Polgargirls von der unverbindlichen \u00dcbung hatten viel Spa\u00df beim Soccergolf in der Kaiserrast Stockerau.<\/figcaption><\/figure>\n\n\n\n<p><\/p>\n\n\n\n<h2 class=\"wp-block-heading\"><strong>\u201eKlug und Fit\u201c als Geschenk<\/strong><\/h2>\n\n\n\n<p class=\"has-medium-font-size\">Am Montag vor Weihnachten wurden die M\u00e4dchenfu\u00dfball-Klassen dar\u00fcber hinaus mit einem sportlichen Geschenk \u201ebelohnt\u201c. Sie durften den \u201eKlug und Fit\u201c-Test absolvieren. Einige Sch\u00fclerinnen fehlten allerdings krankheitsbedingt. Der Test besteht aus den folgenden f\u00fcnf \u00dcbungen: 20m-Sprint, Standweitsprung, Klimmz\u00fcge, 8min-Lauf und der Hindernis-Bumerang-Lauf. Diese f\u00fcnf Stationen wurden in f\u00fcnf Unterrichtsstunden unter der Aufsicht von den Sportp\u00e4dagogen Petra Triessnig und Karlheinz Piringer absolviert.<\/p>\n\n\n\n<div style=\"height:49px\" aria-hidden=\"true\" class=\"wp-block-spacer\"><\/div>\n\n\n\n<p class=\"has-medium-font-size\">\u00dcber die offizielle \u201eKlug und Fit\u201c-Homepage wurden die Ergebnisse eingegeben und kurz darauf hielten die sportlichen Fu\u00dfballerinnen ihre Werte schon in H\u00e4nden. Einige waren \u00fcberrascht und einige kamen zu dem Entschluss: \u201cUi, da sollte ich mich ein wenig mehr anstrengen und mehr trainieren.\u201c<\/p>\n\n\n\n<figure class=\"wp-block-image size-large\"><img loading=\"lazy\" decoding=\"async\" width=\"1024\" height=\"472\" src=\"https:\/\/polgargym.at\/wordpress\/wp-content\/uploads\/2023\/01\/pr-klugundFit-1024x472.jpg\" alt=\"\" class=\"wp-image-6834\" srcset=\"https:\/\/polgargym.at\/wordpress\/wp-content\/uploads\/2023\/01\/pr-klugundFit-1024x472.jpg 1024w, https:\/\/polgargym.at\/wordpress\/wp-content\/uploads\/2023\/01\/pr-klugundFit-300x138.jpg 300w, https:\/\/polgargym.at\/wordpress\/wp-content\/uploads\/2023\/01\/pr-klugundFit-768x354.jpg 768w, https:\/\/polgargym.at\/wordpress\/wp-content\/uploads\/2023\/01\/pr-klugundFit.jpg 1300w\" sizes=\"auto, (max-width: 1024px) 100vw, 1024px\" \/><figcaption class=\"wp-element-caption\">Die gesunden M\u00e4dels der Fu\u00dfballklassen absolvierten den \u201eKlug und Fit\u201c-Test als Weihnachtsgeschenk.<\/figcaption><\/figure>\n\n\n\n<p><\/p>\n\n\n\n<p> <\/p>\n","protected":false},"excerpt":{"rendered":"<p>Wie jedes Jahr war der Saisonabschluss der unverbindlichen \u00dcbung M\u00e4dchenfu\u00dfball der klassische Ausflug in die Kaiserrast Stockerau. Dort wird nicht nur gut gespeist, sondern vorher geht es bei k\u00fchlen Temperaturen \u00fcber den Soccergolf-Parcour. 16 Sch\u00fclerinnen des Wiener Polgargymnasiums teilten sich in vier Gruppe auf und absolvierten den 18-Loch Golfplatz. Zuvor gab es noch eine kurze [&hellip;]<\/p>\n","protected":false},"author":11,"featured_media":0,"parent":0,"menu_order":0,"comment_status":"closed","ping_status":"closed","template":"","meta":{"footnotes":""},"class_list":["post-6830","page","type-page","status-publish","hentry"],"_links":{"self":[{"href":"https:\/\/polgargym.at\/wordpress\/wp-json\/wp\/v2\/pages\/6830","targetHints":{"allow":["GET"]}}],"collection":[{"href":"https:\/\/polgargym.at\/wordpress\/wp-json\/wp\/v2\/pages"}],"about":[{"href":"https:\/\/polgargym.at\/wordpress\/wp-json\/wp\/v2\/types\/page"}],"author":[{"embeddable":true,"href":"https:\/\/polgargym.at\/wordpress\/wp-json\/wp\/v2\/users\/11"}],"replies":[{"embeddable":true,"href":"https:\/\/polgargym.at\/wordpress\/wp-json\/wp\/v2\/comments?post=6830"}],"version-history":[{"count":2,"href":"https:\/\/polgargym.at\/wordpress\/wp-json\/wp\/v2\/pages\/6830\/revisions"}],"predecessor-version":[{"id":6839,"href":"https:\/\/polgargym.at\/wordpress\/wp-json\/wp\/v2\/pages\/6830\/revisions\/6839"}],"wp:attachment":[{"href":"https:\/\/polgargym.at\/wordpress\/wp-json\/wp\/v2\/media?parent=6830"}],"curies":[{"name":"wp","href":"https:\/\/api.w.org\/{rel}","templated":true}]}}