{"id":6928,"date":"2023-01-31T13:51:50","date_gmt":"2023-01-31T12:51:50","guid":{"rendered":"https:\/\/polgargym.at\/?page_id=6928"},"modified":"2023-01-31T14:17:09","modified_gmt":"2023-01-31T13:17:09","slug":"digitale-bildgeschichten-ein-projekt-der-1b","status":"publish","type":"page","link":"https:\/\/polgargym.at\/wordpress\/digitale-bildgeschichten-ein-projekt-der-1b\/","title":{"rendered":"Digitale Bildgeschichten &#8211; ein Projekt der 1B"},"content":{"rendered":"\n<p class=\"has-medium-font-size\">Nachdem sich die Sch\u00fcler*innen der 1B wie alle 1. Klassen im Laufe des ersten Semesters im Deutschunterricht mit Bildgeschichten auseinandergesetzt haben, wurden sie im Rahmen des neuen Faches &#8222;Digitale Grundbildung&#8220; selbst zu Produzent*innen und Akteur*innen in solchen. <\/p>\n\n\n\n<p class=\"has-medium-font-size\">In einem mehrw\u00f6chigen Prozess haben die Sch\u00fcler*innen in kleinen Teams analog oder auch schon digital auf ihren Tablets Storyboards f\u00fcr eigene Bildgeschichten entwickelt, diese dann im Schulhaus unter vollstem K\u00f6rpereinsatz fotografiert und mit der App Bookcreator zu digitalen Geschichten\/Comics weiterentwickelt.<\/p>\n\n\n\n<p class=\"has-medium-font-size\">Ein paar Bilder des Making-ofs und einige fertige Bildgeschichten finden Sie hier zum Online-Durchbl\u00e4ttern und Anh\u00f6ren.<\/p>\n\n\n\n<p class=\"has-medium-font-size\"><em>Die 1B mit Mag. Christoph Mathis &amp; Mag. Melanie Haselsteiner<\/em><\/p>\n\n\n\n<div style=\"height:50px\" aria-hidden=\"true\" class=\"wp-block-spacer\"><\/div>\n\n\n\n<p class=\"has-large-font-size\">Das Making-of<\/p>\n\n\n\n<div style=\"height:50px\" aria-hidden=\"true\" class=\"wp-block-spacer\"><\/div>\n\n\n\n<figure class=\"wp-block-gallery has-nested-images columns-default is-cropped wp-block-gallery-1 is-layout-flex wp-block-gallery-is-layout-flex\">\n<figure class=\"wp-block-image size-large\"><img loading=\"lazy\" decoding=\"async\" width=\"768\" height=\"1024\" data-id=\"6938\" src=\"https:\/\/polgargym.at\/wordpress\/wp-content\/uploads\/2023\/01\/IMG_2025-768x1024.jpeg\" alt=\"\" class=\"wp-image-6938\" srcset=\"https:\/\/polgargym.at\/wordpress\/wp-content\/uploads\/2023\/01\/IMG_2025-768x1024.jpeg 768w, https:\/\/polgargym.at\/wordpress\/wp-content\/uploads\/2023\/01\/IMG_2025-225x300.jpeg 225w, https:\/\/polgargym.at\/wordpress\/wp-content\/uploads\/2023\/01\/IMG_2025-1152x1536.jpeg 1152w, https:\/\/polgargym.at\/wordpress\/wp-content\/uploads\/2023\/01\/IMG_2025-1536x2048.jpeg 1536w, https:\/\/polgargym.at\/wordpress\/wp-content\/uploads\/2023\/01\/IMG_2025.jpeg 1920w\" sizes=\"auto, (max-width: 768px) 100vw, 768px\" \/><\/figure>\n\n\n\n<figure class=\"wp-block-image size-large\"><img loading=\"lazy\" decoding=\"async\" width=\"768\" height=\"1024\" data-id=\"6942\" src=\"https:\/\/polgargym.at\/wordpress\/wp-content\/uploads\/2023\/01\/IMG_2026-768x1024.jpeg\" alt=\"\" class=\"wp-image-6942\" srcset=\"https:\/\/polgargym.at\/wordpress\/wp-content\/uploads\/2023\/01\/IMG_2026-768x1024.jpeg 768w, https:\/\/polgargym.at\/wordpress\/wp-content\/uploads\/2023\/01\/IMG_2026-225x300.jpeg 225w, https:\/\/polgargym.at\/wordpress\/wp-content\/uploads\/2023\/01\/IMG_2026-1152x1536.jpeg 1152w, https:\/\/polgargym.at\/wordpress\/wp-content\/uploads\/2023\/01\/IMG_2026-1536x2048.jpeg 1536w, https:\/\/polgargym.at\/wordpress\/wp-content\/uploads\/2023\/01\/IMG_2026.jpeg 1920w\" sizes=\"auto, (max-width: 768px) 100vw, 768px\" \/><\/figure>\n\n\n\n<figure class=\"wp-block-image size-large\"><img loading=\"lazy\" decoding=\"async\" width=\"1024\" height=\"768\" data-id=\"6941\" src=\"https:\/\/polgargym.at\/wordpress\/wp-content\/uploads\/2023\/01\/IMG_2027-1024x768.jpeg\" alt=\"\" class=\"wp-image-6941\" srcset=\"https:\/\/polgargym.at\/wordpress\/wp-content\/uploads\/2023\/01\/IMG_2027-1024x768.jpeg 1024w, https:\/\/polgargym.at\/wordpress\/wp-content\/uploads\/2023\/01\/IMG_2027-300x225.jpeg 300w, https:\/\/polgargym.at\/wordpress\/wp-content\/uploads\/2023\/01\/IMG_2027-768x576.jpeg 768w, https:\/\/polgargym.at\/wordpress\/wp-content\/uploads\/2023\/01\/IMG_2027-1536x1152.jpeg 1536w, https:\/\/polgargym.at\/wordpress\/wp-content\/uploads\/2023\/01\/IMG_2027-2048x1536.jpeg 2048w\" sizes=\"auto, (max-width: 1024px) 100vw, 1024px\" \/><\/figure>\n\n\n\n<figure class=\"wp-block-image size-large\"><img loading=\"lazy\" decoding=\"async\" width=\"1024\" height=\"768\" data-id=\"6940\" src=\"https:\/\/polgargym.at\/wordpress\/wp-content\/uploads\/2023\/01\/IMG_2028-1024x768.jpeg\" alt=\"\" class=\"wp-image-6940\" srcset=\"https:\/\/polgargym.at\/wordpress\/wp-content\/uploads\/2023\/01\/IMG_2028-1024x768.jpeg 1024w, https:\/\/polgargym.at\/wordpress\/wp-content\/uploads\/2023\/01\/IMG_2028-300x225.jpeg 300w, https:\/\/polgargym.at\/wordpress\/wp-content\/uploads\/2023\/01\/IMG_2028-768x576.jpeg 768w, https:\/\/polgargym.at\/wordpress\/wp-content\/uploads\/2023\/01\/IMG_2028-1536x1152.jpeg 1536w, https:\/\/polgargym.at\/wordpress\/wp-content\/uploads\/2023\/01\/IMG_2028-2048x1536.jpeg 2048w\" sizes=\"auto, (max-width: 1024px) 100vw, 1024px\" \/><\/figure>\n\n\n\n<figure class=\"wp-block-image size-large\"><img loading=\"lazy\" decoding=\"async\" width=\"768\" height=\"1024\" data-id=\"6939\" src=\"https:\/\/polgargym.at\/wordpress\/wp-content\/uploads\/2023\/01\/IMG_2076-768x1024.jpeg\" alt=\"\" class=\"wp-image-6939\" srcset=\"https:\/\/polgargym.at\/wordpress\/wp-content\/uploads\/2023\/01\/IMG_2076-768x1024.jpeg 768w, https:\/\/polgargym.at\/wordpress\/wp-content\/uploads\/2023\/01\/IMG_2076-225x300.jpeg 225w, https:\/\/polgargym.at\/wordpress\/wp-content\/uploads\/2023\/01\/IMG_2076-1152x1536.jpeg 1152w, https:\/\/polgargym.at\/wordpress\/wp-content\/uploads\/2023\/01\/IMG_2076-1536x2048.jpeg 1536w, https:\/\/polgargym.at\/wordpress\/wp-content\/uploads\/2023\/01\/IMG_2076.jpeg 1920w\" sizes=\"auto, (max-width: 768px) 100vw, 768px\" \/><\/figure>\n\n\n\n<figure class=\"wp-block-image size-large\"><img loading=\"lazy\" decoding=\"async\" width=\"768\" height=\"1024\" data-id=\"6945\" src=\"https:\/\/polgargym.at\/wordpress\/wp-content\/uploads\/2023\/01\/IMG_2078-768x1024.jpeg\" alt=\"\" class=\"wp-image-6945\" srcset=\"https:\/\/polgargym.at\/wordpress\/wp-content\/uploads\/2023\/01\/IMG_2078-768x1024.jpeg 768w, https:\/\/polgargym.at\/wordpress\/wp-content\/uploads\/2023\/01\/IMG_2078-225x300.jpeg 225w, https:\/\/polgargym.at\/wordpress\/wp-content\/uploads\/2023\/01\/IMG_2078-1152x1536.jpeg 1152w, https:\/\/polgargym.at\/wordpress\/wp-content\/uploads\/2023\/01\/IMG_2078-1536x2048.jpeg 1536w, https:\/\/polgargym.at\/wordpress\/wp-content\/uploads\/2023\/01\/IMG_2078.jpeg 1920w\" sizes=\"auto, (max-width: 768px) 100vw, 768px\" \/><\/figure>\n\n\n\n<figure class=\"wp-block-image size-large\"><img loading=\"lazy\" decoding=\"async\" width=\"1024\" height=\"768\" data-id=\"6944\" src=\"https:\/\/polgargym.at\/wordpress\/wp-content\/uploads\/2023\/01\/IMG_2079-1024x768.jpeg\" alt=\"\" class=\"wp-image-6944\" srcset=\"https:\/\/polgargym.at\/wordpress\/wp-content\/uploads\/2023\/01\/IMG_2079-1024x768.jpeg 1024w, https:\/\/polgargym.at\/wordpress\/wp-content\/uploads\/2023\/01\/IMG_2079-300x225.jpeg 300w, https:\/\/polgargym.at\/wordpress\/wp-content\/uploads\/2023\/01\/IMG_2079-768x576.jpeg 768w, https:\/\/polgargym.at\/wordpress\/wp-content\/uploads\/2023\/01\/IMG_2079-1536x1152.jpeg 1536w, https:\/\/polgargym.at\/wordpress\/wp-content\/uploads\/2023\/01\/IMG_2079-2048x1536.jpeg 2048w\" sizes=\"auto, (max-width: 1024px) 100vw, 1024px\" \/><\/figure>\n<\/figure>\n\n\n\n<div style=\"height:50px\" aria-hidden=\"true\" class=\"wp-block-spacer\"><\/div>\n\n\n\n<p class=\"has-large-font-size\">Die Bildgeschichten<\/p>\n\n\n\n<div style=\"height:50px\" aria-hidden=\"true\" class=\"wp-block-spacer\"><\/div>\n\n\n\n<figure class=\"wp-block-image size-large\"><img loading=\"lazy\" decoding=\"async\" width=\"1024\" height=\"1014\" src=\"https:\/\/polgargym.at\/wordpress\/wp-content\/uploads\/2023\/01\/Bildschirmfoto-2023-01-31-um-13.54.11-1024x1014.png\" alt=\"\" class=\"wp-image-6959\" srcset=\"https:\/\/polgargym.at\/wordpress\/wp-content\/uploads\/2023\/01\/Bildschirmfoto-2023-01-31-um-13.54.11-1024x1014.png 1024w, https:\/\/polgargym.at\/wordpress\/wp-content\/uploads\/2023\/01\/Bildschirmfoto-2023-01-31-um-13.54.11-300x297.png 300w, https:\/\/polgargym.at\/wordpress\/wp-content\/uploads\/2023\/01\/Bildschirmfoto-2023-01-31-um-13.54.11-150x150.png 150w, https:\/\/polgargym.at\/wordpress\/wp-content\/uploads\/2023\/01\/Bildschirmfoto-2023-01-31-um-13.54.11-768x761.png 768w, https:\/\/polgargym.at\/wordpress\/wp-content\/uploads\/2023\/01\/Bildschirmfoto-2023-01-31-um-13.54.11.png 1242w\" sizes=\"auto, (max-width: 1024px) 100vw, 1024px\" \/><\/figure>\n\n\n\n<div style=\"height:50px\" aria-hidden=\"true\" class=\"wp-block-spacer\"><\/div>\n\n\n\n<figure class=\"wp-block-gallery has-nested-images columns-default is-cropped wp-block-gallery-2 is-layout-flex wp-block-gallery-is-layout-flex\">\n<figure class=\"wp-block-image size-large\"><img loading=\"lazy\" decoding=\"async\" width=\"1024\" height=\"512\" data-id=\"6958\" src=\"https:\/\/polgargym.at\/wordpress\/wp-content\/uploads\/2023\/01\/Bildschirmfoto-2023-01-31-um-13.54.22-1024x512.png\" alt=\"\" class=\"wp-image-6958\" srcset=\"https:\/\/polgargym.at\/wordpress\/wp-content\/uploads\/2023\/01\/Bildschirmfoto-2023-01-31-um-13.54.22-1024x512.png 1024w, https:\/\/polgargym.at\/wordpress\/wp-content\/uploads\/2023\/01\/Bildschirmfoto-2023-01-31-um-13.54.22-300x150.png 300w, https:\/\/polgargym.at\/wordpress\/wp-content\/uploads\/2023\/01\/Bildschirmfoto-2023-01-31-um-13.54.22-768x384.png 768w, https:\/\/polgargym.at\/wordpress\/wp-content\/uploads\/2023\/01\/Bildschirmfoto-2023-01-31-um-13.54.22-1536x767.png 1536w, https:\/\/polgargym.at\/wordpress\/wp-content\/uploads\/2023\/01\/Bildschirmfoto-2023-01-31-um-13.54.22-2048x1023.png 2048w\" sizes=\"auto, (max-width: 1024px) 100vw, 1024px\" \/><\/figure>\n<\/figure>\n\n\n<div style=\"display: inline-block; vertical-align: top; width: 300px; margin: 20px auto; color: #333; background: #fff; border: 1px solid #ddd; line-height: 1.2; text-decoration: none; padding: 0;\"><a style=\"display: block; color: #333; line-height: 1.2; text-decoration: none; text-align: left; padding: 0; font-weight: normal;\" href=\"https:\/\/read.bookcreator.com\/msj2aOFFL9Kko5alkvi5k5pJwPiCTYL604fdGEbiMQQ\/zfqZzx-yRxaYVsifYC3uGA\" target=\"_blank\" rel=\"noopener\"><img decoding=\"async\" style=\"max-height: 300px; max-width: 100%; display: block; margin: 0 auto; padding: 0; border: none;\" src=\"https:\/\/assets.api.bookcreator.com\/msj2aOFFL9Kko5alkvi5k5pJwPiCTYL604fdGEbiMQQ\/books\/zfqZzx-yRxaYVsifYC3uGA\/cover\/share\" alt=\"Freitag\"><\/a><p><\/p>\n<div style=\"display: block; padding: 20px; overflow: hidden; overflow-x: hidden; border-top: 1px solid #ddd;\">\n<div style=\"display: block; color: #333; line-height: 1.2; text-decoration: none; text-align: left; padding: 0; font-weight: normal; font-size: 21px; margin: 0 0 0.25em;\"><a style=\"display: block; color: #333; line-height: 1.2; text-decoration: none; text-align: left; padding: 0; font-weight: normal;\" href=\"https:\/\/read.bookcreator.com\/msj2aOFFL9Kko5alkvi5k5pJwPiCTYL604fdGEbiMQQ\/zfqZzx-yRxaYVsifYC3uGA\" target=\"_blank\" rel=\"noopener\">Freitag<\/a><\/div>\n<div style=\"display: block; color: #333; line-height: 1.2; text-decoration: none; text-align: left; padding: 0; font-weight: normal; font-size: 16px; margin: 0 0 0.5em;\"><a style=\"display: block; color: #333; line-height: 1.2; text-decoration: none; text-align: left; padding: 0; font-weight: normal;\" href=\"https:\/\/read.bookcreator.com\/msj2aOFFL9Kko5alkvi5k5pJwPiCTYL604fdGEbiMQQ\/zfqZzx-yRxaYVsifYC3uGA\" target=\"_blank\" rel=\"noopener\">Klicken Sie hier, um das Buch zu lesen, das mit Book Creator erstellt wurde.<\/a><\/div>\n<div style=\"display: block; color: #455a64; line-height: 1.2; text-decoration: none; text-align: left; padding: 0; font-weight: bold; overflow: hidden; text-overflow: ellipsis; white-space: nowrap; font-size: 14px;\"><a style=\"display: block; color: #333; line-height: 1.2; text-decoration: none; text-align: left; padding: 0; font-weight: normal;\" href=\"https:\/\/read.bookcreator.com\/msj2aOFFL9Kko5alkvi5k5pJwPiCTYL604fdGEbiMQQ\/zfqZzx-yRxaYVsifYC3uGA\" target=\"_blank\" rel=\"noopener\">https:\/\/read.bookcreator.com<\/a><\/div>\n<\/div>\n<\/div>\n<div style=\"display: inline-block; vertical-align: top; width: 300px; margin: 20px auto; color: #333; background: #fff; border: 1px solid #ddd; line-height: 1.2; text-decoration: none; padding: 0;\"><a style=\"display: block; color: #333; line-height: 1.2; text-decoration: none; text-align: left; padding: 0; font-weight: normal;\" href=\"https:\/\/read.bookcreator.com\/8k7Ld43L5QkJHuhHoqEqQU-geItBcKfFuTKWGb3lJ6E\/1dxRVCTmTya1zBi1Db9Kew\" target=\"_blank\" rel=\"noopener\"><img decoding=\"async\" style=\"max-height: 300px; max-width: 100%; display: block; margin: 0 auto; padding: 0; border: none;\" src=\"https:\/\/assets.api.bookcreator.com\/8k7Ld43L5QkJHuhHoqEqQU-geItBcKfFuTKWGb3lJ6E\/books\/1dxRVCTmTya1zBi1Db9Kew\/cover\/share\" alt=\"Karma\"><\/a><p><\/p>\n<div style=\"display: block; padding: 20px; overflow: hidden; overflow-x: hidden; border-top: 1px solid #ddd;\">\n<div style=\"display: block; color: #333; line-height: 1.2; text-decoration: none; text-align: left; padding: 0; font-weight: normal; font-size: 21px; margin: 0 0 0.25em;\"><a style=\"display: block; color: #333; line-height: 1.2; text-decoration: none; text-align: left; padding: 0; font-weight: normal;\" href=\"https:\/\/read.bookcreator.com\/8k7Ld43L5QkJHuhHoqEqQU-geItBcKfFuTKWGb3lJ6E\/1dxRVCTmTya1zBi1Db9Kew\" target=\"_blank\" rel=\"noopener\">Karma<\/a><\/div>\n<div style=\"display: block; color: #333; line-height: 1.2; text-decoration: none; text-align: left; padding: 0; font-weight: normal; font-size: 16px; margin: 0 0 0.5em;\"><a style=\"display: block; color: #333; line-height: 1.2; text-decoration: none; text-align: left; padding: 0; font-weight: normal;\" href=\"https:\/\/read.bookcreator.com\/8k7Ld43L5QkJHuhHoqEqQU-geItBcKfFuTKWGb3lJ6E\/1dxRVCTmTya1zBi1Db9Kew\" target=\"_blank\" rel=\"noopener\">Klicken Sie hier, um das Buch zu lesen, das mit Book Creator erstellt wurde.<\/a><\/div>\n<div style=\"display: block; color: #455a64; line-height: 1.2; text-decoration: none; text-align: left; padding: 0; font-weight: bold; overflow: hidden; text-overflow: ellipsis; white-space: nowrap; font-size: 14px;\"><a style=\"display: block; color: #333; line-height: 1.2; text-decoration: none; text-align: left; padding: 0; font-weight: normal;\" href=\"https:\/\/read.bookcreator.com\/8k7Ld43L5QkJHuhHoqEqQU-geItBcKfFuTKWGb3lJ6E\/1dxRVCTmTya1zBi1Db9Kew\" target=\"_blank\" rel=\"noopener\">https:\/\/read.bookcreator.com<\/a><\/div>\n<\/div>\n<\/div>\n<div style=\"display: inline-block; vertical-align: top; width: 300px; margin: 20px auto; color: #333; background: #fff; border: 1px solid #ddd; line-height: 1.2; text-decoration: none; padding: 0;\"><a style=\"display: block; color: #333; line-height: 1.2; text-decoration: none; text-align: left; padding: 0; font-weight: normal;\" href=\"https:\/\/read.bookcreator.com\/ZCAJ9PWDKYOt0fCkKd_Scob_whyuQuGxCUzWDLXZF-w\/KIwg_J9iTHq21aERJNphpQ\" target=\"_blank\" rel=\"noopener\"><img decoding=\"async\" style=\"max-height: 300px; max-width: 100%; display: block; margin: 0 auto; padding: 0; border: none;\" src=\"https:\/\/assets.api.bookcreator.com\/ZCAJ9PWDKYOt0fCkKd_Scob_whyuQuGxCUzWDLXZF-w\/books\/KIwg_J9iTHq21aERJNphpQ\/cover\/share\" alt=\"Selber schuld\"><\/a><p><\/p>\n<div style=\"display: block; padding: 20px; overflow: hidden; overflow-x: hidden; border-top: 1px solid #ddd;\">\n<div style=\"display: block; color: #333; line-height: 1.2; text-decoration: none; text-align: left; padding: 0; font-weight: normal; font-size: 21px; margin: 0 0 0.25em;\"><a style=\"display: block; color: #333; line-height: 1.2; text-decoration: none; text-align: left; padding: 0; font-weight: normal;\" href=\"https:\/\/read.bookcreator.com\/ZCAJ9PWDKYOt0fCkKd_Scob_whyuQuGxCUzWDLXZF-w\/KIwg_J9iTHq21aERJNphpQ\" target=\"_blank\" rel=\"noopener\">Selber schuld<\/a><\/div>\n<div style=\"display: block; color: #333; line-height: 1.2; text-decoration: none; text-align: left; padding: 0; font-weight: normal; font-size: 16px; margin: 0 0 0.5em;\"><a style=\"display: block; color: #333; line-height: 1.2; text-decoration: none; text-align: left; padding: 0; font-weight: normal;\" href=\"https:\/\/read.bookcreator.com\/ZCAJ9PWDKYOt0fCkKd_Scob_whyuQuGxCUzWDLXZF-w\/KIwg_J9iTHq21aERJNphpQ\" target=\"_blank\" rel=\"noopener\">Klicken Sie hier, um das Buch zu lesen, das mit Book Creator erstellt wurde.<\/a><\/div>\n<div style=\"display: block; color: #455a64; line-height: 1.2; text-decoration: none; text-align: left; padding: 0; font-weight: bold; overflow: hidden; text-overflow: ellipsis; white-space: nowrap; font-size: 14px;\"><a style=\"display: block; color: #333; line-height: 1.2; text-decoration: none; text-align: left; padding: 0; font-weight: normal;\" href=\"https:\/\/read.bookcreator.com\/ZCAJ9PWDKYOt0fCkKd_Scob_whyuQuGxCUzWDLXZF-w\/KIwg_J9iTHq21aERJNphpQ\" target=\"_blank\" rel=\"noopener\">https:\/\/read.bookcreator.com<\/a><\/div>\n<\/div>\n<\/div>\n<div style=\"display:inline-block;vertical-align:top;width:300px;margin:20px auto;color:#333;background:#fff;border:1px solid #ddd;line-height:1.2;text-decoration:none;padding:0\"><a href=\"https:\/\/read.bookcreator.com\/AjyMsT7UVZxVxJVTc0itZko4ozkyptH1phcgdTlgp54\/-AOpr2vMT5-zcjZHhk5TsA\" style=\"display:block;color:#333;line-height:1.2;text-decoration:none;text-align:left;padding:0;font-weight:normal\" target=\"_blank\" rel=\"noopener\"><img decoding=\"async\" src=\"https:\/\/assets.api.bookcreator.com\/AjyMsT7UVZxVxJVTc0itZko4ozkyptH1phcgdTlgp54\/books\/-AOpr2vMT5-zcjZHhk5TsA\/cover\/share\" style=\"max-height:300px;max-width:100%;display:block;margin:0 auto;padding:0;border:none\" alt=\"Der Kaugummi\"><\/a><p><\/p>\n<div style=\"display:block;padding:20px;overflow:hidden;overflow-x:hidden;border-top:1px solid #ddd\">\n<div style=\"display:block;color:#333;line-height:1.2;text-decoration:none;text-align:left;padding:0;font-weight:normal;font-size:21px;margin:0 0 0.25em\"><a href=\"https:\/\/read.bookcreator.com\/AjyMsT7UVZxVxJVTc0itZko4ozkyptH1phcgdTlgp54\/-AOpr2vMT5-zcjZHhk5TsA\" style=\"display:block;color:#333;line-height:1.2;text-decoration:none;text-align:left;padding:0;font-weight:normal\" target=\"_blank\" rel=\"noopener\">Der Kaugummi<\/a><\/div>\n<div style=\"display:block;color:#333;line-height:1.2;text-decoration:none;text-align:left;padding:0;font-weight:normal;font-size:16px;margin:0 0 0.5em\"><a href=\"https:\/\/read.bookcreator.com\/AjyMsT7UVZxVxJVTc0itZko4ozkyptH1phcgdTlgp54\/-AOpr2vMT5-zcjZHhk5TsA\" style=\"display:block;color:#333;line-height:1.2;text-decoration:none;text-align:left;padding:0;font-weight:normal\" target=\"_blank\" rel=\"noopener\">Klicken Sie hier, um das Buch zu lesen, das mit Book Creator erstellt wurde.<\/a><\/div>\n<div style=\"display:block;color:#455a64;line-height:1.2;text-decoration:none;text-align:left;padding:0;font-weight:bold;overflow:hidden;text-overflow:ellipsis;white-space:nowrap;font-size:14px\"><a href=\"https:\/\/read.bookcreator.com\/AjyMsT7UVZxVxJVTc0itZko4ozkyptH1phcgdTlgp54\/-AOpr2vMT5-zcjZHhk5TsA\" style=\"display:block;color:#333;line-height:1.2;text-decoration:none;text-align:left;padding:0;font-weight:normal\" target=\"_blank\" rel=\"noopener\">https:\/\/read.bookcreator.com<\/a><\/div>\n<\/div>\n<\/div>\n<div style=\"display:inline-block;vertical-align:top;width:300px;margin:20px auto;color:#333;background:#fff;border:1px solid #ddd;line-height:1.2;text-decoration:none;padding:0\"><a href=\"https:\/\/read.bookcreator.com\/v0nFqUJ1W8Ay0lwFxvrq0Epl8Tf22fHNwbT3Y5IFoYU\/aJSnq_xDSM2GnOVi5kkSBg\" style=\"display:block;color:#333;line-height:1.2;text-decoration:none;text-align:left;padding:0;font-weight:normal\" target=\"_blank\" rel=\"noopener\"><img decoding=\"async\" src=\"https:\/\/assets.api.bookcreator.com\/v0nFqUJ1W8Ay0lwFxvrq0Epl8Tf22fHNwbT3Y5IFoYU\/books\/aJSnq_xDSM2GnOVi5kkSBg\/cover\/share\" style=\"max-height:300px;max-width:100%;display:block;margin:0 auto;padding:0;border:none\" alt=\"Das Ungl\u00fcck\"><\/a><p><\/p>\n<div style=\"display:block;padding:20px;overflow:hidden;overflow-x:hidden;border-top:1px solid #ddd\">\n<div style=\"display:block;color:#333;line-height:1.2;text-decoration:none;text-align:left;padding:0;font-weight:normal;font-size:21px;margin:0 0 0.25em\"><a href=\"https:\/\/read.bookcreator.com\/v0nFqUJ1W8Ay0lwFxvrq0Epl8Tf22fHNwbT3Y5IFoYU\/aJSnq_xDSM2GnOVi5kkSBg\" style=\"display:block;color:#333;line-height:1.2;text-decoration:none;text-align:left;padding:0;font-weight:normal\" target=\"_blank\" rel=\"noopener\">Das Ungl\u00fcck<\/a><\/div>\n<div style=\"display:block;color:#333;line-height:1.2;text-decoration:none;text-align:left;padding:0;font-weight:normal;font-size:16px;margin:0 0 0.5em\"><a href=\"https:\/\/read.bookcreator.com\/v0nFqUJ1W8Ay0lwFxvrq0Epl8Tf22fHNwbT3Y5IFoYU\/aJSnq_xDSM2GnOVi5kkSBg\" style=\"display:block;color:#333;line-height:1.2;text-decoration:none;text-align:left;padding:0;font-weight:normal\" target=\"_blank\" rel=\"noopener\">Klicken Sie hier, um das Buch zu lesen, das mit Book Creator erstellt wurde.<\/a><\/div>\n<div style=\"display:block;color:#455a64;line-height:1.2;text-decoration:none;text-align:left;padding:0;font-weight:bold;overflow:hidden;text-overflow:ellipsis;white-space:nowrap;font-size:14px\"><a href=\"https:\/\/read.bookcreator.com\/v0nFqUJ1W8Ay0lwFxvrq0Epl8Tf22fHNwbT3Y5IFoYU\/aJSnq_xDSM2GnOVi5kkSBg\" style=\"display:block;color:#333;line-height:1.2;text-decoration:none;text-align:left;padding:0;font-weight:normal\" target=\"_blank\" rel=\"noopener\">https:\/\/read.bookcreator.com<\/a><\/div>\n<\/div>\n<\/div>","protected":false},"excerpt":{"rendered":"<p>Nachdem sich die Sch\u00fcler*innen der 1B wie alle 1. Klassen im Laufe des ersten Semesters im Deutschunterricht mit Bildgeschichten auseinandergesetzt haben, wurden sie im Rahmen des neuen Faches &#8222;Digitale Grundbildung&#8220; selbst zu Produzent*innen und Akteur*innen in solchen. In einem mehrw\u00f6chigen Prozess haben die Sch\u00fcler*innen in kleinen Teams analog oder auch schon digital auf ihren Tablets [&hellip;]<\/p>\n","protected":false},"author":11,"featured_media":0,"parent":0,"menu_order":0,"comment_status":"closed","ping_status":"closed","template":"","meta":{"footnotes":""},"class_list":["post-6928","page","type-page","status-publish","hentry"],"_links":{"self":[{"href":"https:\/\/polgargym.at\/wordpress\/wp-json\/wp\/v2\/pages\/6928","targetHints":{"allow":["GET"]}}],"collection":[{"href":"https:\/\/polgargym.at\/wordpress\/wp-json\/wp\/v2\/pages"}],"about":[{"href":"https:\/\/polgargym.at\/wordpress\/wp-json\/wp\/v2\/types\/page"}],"author":[{"embeddable":true,"href":"https:\/\/polgargym.at\/wordpress\/wp-json\/wp\/v2\/users\/11"}],"replies":[{"embeddable":true,"href":"https:\/\/polgargym.at\/wordpress\/wp-json\/wp\/v2\/comments?post=6928"}],"version-history":[{"count":16,"href":"https:\/\/polgargym.at\/wordpress\/wp-json\/wp\/v2\/pages\/6928\/revisions"}],"predecessor-version":[{"id":6970,"href":"https:\/\/polgargym.at\/wordpress\/wp-json\/wp\/v2\/pages\/6928\/revisions\/6970"}],"wp:attachment":[{"href":"https:\/\/polgargym.at\/wordpress\/wp-json\/wp\/v2\/media?parent=6928"}],"curies":[{"name":"wp","href":"https:\/\/api.w.org\/{rel}","templated":true}]}}