{"id":6983,"date":"2023-02-19T15:23:46","date_gmt":"2023-02-19T14:23:46","guid":{"rendered":"https:\/\/polgargym.at\/?page_id=6983"},"modified":"2023-02-19T15:23:48","modified_gmt":"2023-02-19T14:23:48","slug":"die-1b-schnuppert-staatsopernluft-bei-der-zauberfloete-fuer-kinder","status":"publish","type":"page","link":"https:\/\/polgargym.at\/wordpress\/die-1b-schnuppert-staatsopernluft-bei-der-zauberfloete-fuer-kinder\/","title":{"rendered":"Die 1B schnuppert Staatsopernluft bei der &#8222;Zauberfl\u00f6te f\u00fcr Kinder&#8220;"},"content":{"rendered":"\n<p>Die Wiener Staatsoper unter der Leitung von Bogdan Ro\u0161\u010di\u0107 lud auch in diesem Jahr nach zwei Jahren pandemiebedingter Pause Wiener Schulklassen der 4. und 5. Schulstufe am Tag nach dem Opernball zu einer Auff\u00fchrung der \u201eZAUBERFL\u00d6TE F\u00dcR KINDER\u201c\u00a0\u00a0ein. 7000 Kinder st\u00fcrmten am Nachmittag bzw. Abend des 17.2.23 die Staatsoper und die Sch\u00fcler*innen der 1B gemeinsam mit Klassenvorst\u00e4ndin Mag. Melanie Haselsteiner und Stellvertreterin Mag. Carmen Olszewski waren unter den Auserw\u00e4hlten. <\/p>\n\n\n\n<p>Die Wiener Philharmoniker unter der Leitung von Dirigent Jendrik Springer pr\u00e4sentierten Mozarts Oper in einer eigens f\u00fcr die Veranstaltung konzipierten, einst\u00fcndigen und kindgerechten Form. Papageno f\u00fchrte durch die gek\u00fcrzte Handlung, die Wiener Philharmoniker pr\u00e4sentierten die Instrumente des Orchesters und Darstellerinnen und S\u00e4ngerinnen traten auf der B\u00fchne zwischen dem Publikum auf, das keine Scheu hatte mitzuklatschen und mitzusingen. <\/p>\n\n\n\n<p>Ein sehr besonderer &#8222;Lehrausgang&#8220;, der den Kindern hoffentlich noch lange in Erinnerung bleiben wird.<\/p>\n\n\n\n<figure class=\"wp-block-gallery has-nested-images columns-default is-cropped wp-block-gallery-1 is-layout-flex wp-block-gallery-is-layout-flex\">\n<figure class=\"wp-block-image size-large\"><img loading=\"lazy\" decoding=\"async\" width=\"1024\" height=\"768\" data-id=\"6988\" src=\"https:\/\/polgargym.at\/wordpress\/wp-content\/uploads\/2023\/02\/IMG_2854-1024x768.jpg\" alt=\"\" class=\"wp-image-6988\" srcset=\"https:\/\/polgargym.at\/wordpress\/wp-content\/uploads\/2023\/02\/IMG_2854-1024x768.jpg 1024w, https:\/\/polgargym.at\/wordpress\/wp-content\/uploads\/2023\/02\/IMG_2854-300x225.jpg 300w, https:\/\/polgargym.at\/wordpress\/wp-content\/uploads\/2023\/02\/IMG_2854-768x576.jpg 768w, https:\/\/polgargym.at\/wordpress\/wp-content\/uploads\/2023\/02\/IMG_2854-1536x1153.jpg 1536w, https:\/\/polgargym.at\/wordpress\/wp-content\/uploads\/2023\/02\/IMG_2854-2048x1537.jpg 2048w\" sizes=\"auto, (max-width: 1024px) 100vw, 1024px\" \/><\/figure>\n\n\n\n<figure class=\"wp-block-image size-large\"><img loading=\"lazy\" decoding=\"async\" width=\"768\" height=\"1024\" data-id=\"6984\" src=\"https:\/\/polgargym.at\/wordpress\/wp-content\/uploads\/2023\/02\/IMG_2873-768x1024.jpg\" alt=\"\" class=\"wp-image-6984\" srcset=\"https:\/\/polgargym.at\/wordpress\/wp-content\/uploads\/2023\/02\/IMG_2873-768x1024.jpg 768w, https:\/\/polgargym.at\/wordpress\/wp-content\/uploads\/2023\/02\/IMG_2873-225x300.jpg 225w, https:\/\/polgargym.at\/wordpress\/wp-content\/uploads\/2023\/02\/IMG_2873-1152x1536.jpg 1152w, https:\/\/polgargym.at\/wordpress\/wp-content\/uploads\/2023\/02\/IMG_2873.jpg 1200w\" sizes=\"auto, (max-width: 768px) 100vw, 768px\" \/><\/figure>\n\n\n\n<figure class=\"wp-block-image size-large\"><img loading=\"lazy\" decoding=\"async\" width=\"1024\" height=\"768\" data-id=\"6985\" src=\"https:\/\/polgargym.at\/wordpress\/wp-content\/uploads\/2023\/02\/IMG_2874-1024x768.jpg\" alt=\"\" class=\"wp-image-6985\" srcset=\"https:\/\/polgargym.at\/wordpress\/wp-content\/uploads\/2023\/02\/IMG_2874-1024x768.jpg 1024w, https:\/\/polgargym.at\/wordpress\/wp-content\/uploads\/2023\/02\/IMG_2874-300x225.jpg 300w, https:\/\/polgargym.at\/wordpress\/wp-content\/uploads\/2023\/02\/IMG_2874-768x576.jpg 768w, https:\/\/polgargym.at\/wordpress\/wp-content\/uploads\/2023\/02\/IMG_2874-1536x1152.jpg 1536w, https:\/\/polgargym.at\/wordpress\/wp-content\/uploads\/2023\/02\/IMG_2874.jpg 1600w\" sizes=\"auto, (max-width: 1024px) 100vw, 1024px\" \/><\/figure>\n\n\n\n<figure class=\"wp-block-image size-large\"><img loading=\"lazy\" decoding=\"async\" width=\"768\" height=\"1024\" data-id=\"6987\" src=\"https:\/\/polgargym.at\/wordpress\/wp-content\/uploads\/2023\/02\/IMG_2875-768x1024.jpg\" alt=\"\" class=\"wp-image-6987\" srcset=\"https:\/\/polgargym.at\/wordpress\/wp-content\/uploads\/2023\/02\/IMG_2875-768x1024.jpg 768w, https:\/\/polgargym.at\/wordpress\/wp-content\/uploads\/2023\/02\/IMG_2875-225x300.jpg 225w, https:\/\/polgargym.at\/wordpress\/wp-content\/uploads\/2023\/02\/IMG_2875-1152x1536.jpg 1152w, https:\/\/polgargym.at\/wordpress\/wp-content\/uploads\/2023\/02\/IMG_2875.jpg 1200w\" sizes=\"auto, (max-width: 768px) 100vw, 768px\" \/><\/figure>\n\n\n\n<figure class=\"wp-block-image size-large\"><img loading=\"lazy\" decoding=\"async\" width=\"1024\" height=\"768\" data-id=\"6986\" src=\"https:\/\/polgargym.at\/wordpress\/wp-content\/uploads\/2023\/02\/IMG_2876-1024x768.jpg\" alt=\"\" class=\"wp-image-6986\" srcset=\"https:\/\/polgargym.at\/wordpress\/wp-content\/uploads\/2023\/02\/IMG_2876-1024x768.jpg 1024w, https:\/\/polgargym.at\/wordpress\/wp-content\/uploads\/2023\/02\/IMG_2876-300x225.jpg 300w, https:\/\/polgargym.at\/wordpress\/wp-content\/uploads\/2023\/02\/IMG_2876-768x576.jpg 768w, https:\/\/polgargym.at\/wordpress\/wp-content\/uploads\/2023\/02\/IMG_2876-1536x1152.jpg 1536w, https:\/\/polgargym.at\/wordpress\/wp-content\/uploads\/2023\/02\/IMG_2876.jpg 1600w\" sizes=\"auto, (max-width: 1024px) 100vw, 1024px\" \/><\/figure>\n<\/figure>\n\n\n\n<figure class=\"wp-block-gallery has-nested-images columns-default is-cropped wp-block-gallery-2 is-layout-flex wp-block-gallery-is-layout-flex\">\n<figure class=\"wp-block-image size-large\"><img loading=\"lazy\" decoding=\"async\" width=\"768\" height=\"1024\" data-id=\"6990\" src=\"https:\/\/polgargym.at\/wordpress\/wp-content\/uploads\/2023\/02\/IMG_2863-768x1024.jpg\" alt=\"\" class=\"wp-image-6990\" srcset=\"https:\/\/polgargym.at\/wordpress\/wp-content\/uploads\/2023\/02\/IMG_2863-768x1024.jpg 768w, https:\/\/polgargym.at\/wordpress\/wp-content\/uploads\/2023\/02\/IMG_2863-225x300.jpg 225w, https:\/\/polgargym.at\/wordpress\/wp-content\/uploads\/2023\/02\/IMG_2863-1152x1536.jpg 1152w, https:\/\/polgargym.at\/wordpress\/wp-content\/uploads\/2023\/02\/IMG_2863-1536x2048.jpg 1536w, https:\/\/polgargym.at\/wordpress\/wp-content\/uploads\/2023\/02\/IMG_2863.jpg 1920w\" sizes=\"auto, (max-width: 768px) 100vw, 768px\" \/><\/figure>\n\n\n\n<figure class=\"wp-block-image size-large\"><img loading=\"lazy\" decoding=\"async\" width=\"768\" height=\"1024\" data-id=\"6989\" src=\"https:\/\/polgargym.at\/wordpress\/wp-content\/uploads\/2023\/02\/IMG_2868-768x1024.jpg\" alt=\"\" class=\"wp-image-6989\" srcset=\"https:\/\/polgargym.at\/wordpress\/wp-content\/uploads\/2023\/02\/IMG_2868-768x1024.jpg 768w, https:\/\/polgargym.at\/wordpress\/wp-content\/uploads\/2023\/02\/IMG_2868-225x300.jpg 225w, https:\/\/polgargym.at\/wordpress\/wp-content\/uploads\/2023\/02\/IMG_2868-1152x1536.jpg 1152w, https:\/\/polgargym.at\/wordpress\/wp-content\/uploads\/2023\/02\/IMG_2868-1536x2048.jpg 1536w, https:\/\/polgargym.at\/wordpress\/wp-content\/uploads\/2023\/02\/IMG_2868.jpg 1920w\" sizes=\"auto, (max-width: 768px) 100vw, 768px\" \/><\/figure>\n<\/figure>\n","protected":false},"excerpt":{"rendered":"<p>Die Wiener Staatsoper unter der Leitung von Bogdan Ro\u0161\u010di\u0107 lud auch in diesem Jahr nach zwei Jahren pandemiebedingter Pause Wiener Schulklassen der 4. und 5. Schulstufe am Tag nach dem Opernball zu einer Auff\u00fchrung der \u201eZAUBERFL\u00d6TE F\u00dcR KINDER\u201c\u00a0\u00a0ein. 7000 Kinder st\u00fcrmten am Nachmittag bzw. Abend des 17.2.23 die Staatsoper und die Sch\u00fcler*innen der 1B gemeinsam [&hellip;]<\/p>\n","protected":false},"author":11,"featured_media":0,"parent":0,"menu_order":0,"comment_status":"closed","ping_status":"closed","template":"","meta":{"footnotes":""},"class_list":["post-6983","page","type-page","status-publish","hentry"],"_links":{"self":[{"href":"https:\/\/polgargym.at\/wordpress\/wp-json\/wp\/v2\/pages\/6983","targetHints":{"allow":["GET"]}}],"collection":[{"href":"https:\/\/polgargym.at\/wordpress\/wp-json\/wp\/v2\/pages"}],"about":[{"href":"https:\/\/polgargym.at\/wordpress\/wp-json\/wp\/v2\/types\/page"}],"author":[{"embeddable":true,"href":"https:\/\/polgargym.at\/wordpress\/wp-json\/wp\/v2\/users\/11"}],"replies":[{"embeddable":true,"href":"https:\/\/polgargym.at\/wordpress\/wp-json\/wp\/v2\/comments?post=6983"}],"version-history":[{"count":1,"href":"https:\/\/polgargym.at\/wordpress\/wp-json\/wp\/v2\/pages\/6983\/revisions"}],"predecessor-version":[{"id":6992,"href":"https:\/\/polgargym.at\/wordpress\/wp-json\/wp\/v2\/pages\/6983\/revisions\/6992"}],"wp:attachment":[{"href":"https:\/\/polgargym.at\/wordpress\/wp-json\/wp\/v2\/media?parent=6983"}],"curies":[{"name":"wp","href":"https:\/\/api.w.org\/{rel}","templated":true}]}}