{"id":7022,"date":"2023-03-01T17:18:30","date_gmt":"2023-03-01T16:18:30","guid":{"rendered":"https:\/\/polgargym.at\/?page_id=7022"},"modified":"2023-03-01T17:18:34","modified_gmt":"2023-03-01T16:18:34","slug":"6-platz-bei-turn10-landesmeisterschaft","status":"publish","type":"page","link":"https:\/\/polgargym.at\/wordpress\/6-platz-bei-turn10-landesmeisterschaft\/","title":{"rendered":"6. Platz bei Turn10 Landesmeisterschaft"},"content":{"rendered":"\n<p class=\"has-medium-font-size\">Einen gro\u00dfartigen 6. Platz erreichten dieses Jahr 6 Sch\u00fclerinnen der 2F bei der Turn10 Landesmeisterschaft im Universit\u00e4tssportzentrum \u201eAuf der Schmelz&#8220;. Alle 6 M\u00e4dchen turnten souver\u00e4n ihre \u00dcbungen und hatten viel Spa\u00df dabei.<\/p>\n\n\n\n<figure class=\"wp-block-gallery has-nested-images columns-default is-cropped wp-block-gallery-1 is-layout-flex wp-block-gallery-is-layout-flex\">\n<figure class=\"wp-block-image size-large\"><img loading=\"lazy\" decoding=\"async\" width=\"1024\" height=\"866\" data-id=\"7023\" src=\"https:\/\/polgargym.at\/wordpress\/wp-content\/uploads\/2023\/03\/Turn-10-Bild-1-1024x866.jpg\" alt=\"\" class=\"wp-image-7023\" srcset=\"https:\/\/polgargym.at\/wordpress\/wp-content\/uploads\/2023\/03\/Turn-10-Bild-1-1024x866.jpg 1024w, https:\/\/polgargym.at\/wordpress\/wp-content\/uploads\/2023\/03\/Turn-10-Bild-1-300x254.jpg 300w, https:\/\/polgargym.at\/wordpress\/wp-content\/uploads\/2023\/03\/Turn-10-Bild-1-768x649.jpg 768w, https:\/\/polgargym.at\/wordpress\/wp-content\/uploads\/2023\/03\/Turn-10-Bild-1-1536x1299.jpg 1536w, https:\/\/polgargym.at\/wordpress\/wp-content\/uploads\/2023\/03\/Turn-10-Bild-1-2048x1732.jpg 2048w\" sizes=\"auto, (max-width: 1024px) 100vw, 1024px\" \/><\/figure>\n\n\n\n<figure class=\"wp-block-image size-large\"><img loading=\"lazy\" decoding=\"async\" width=\"1024\" height=\"766\" data-id=\"7024\" src=\"https:\/\/polgargym.at\/wordpress\/wp-content\/uploads\/2023\/03\/Turn-10-Bild-2-1024x766.jpg\" alt=\"\" class=\"wp-image-7024\" srcset=\"https:\/\/polgargym.at\/wordpress\/wp-content\/uploads\/2023\/03\/Turn-10-Bild-2-1024x766.jpg 1024w, https:\/\/polgargym.at\/wordpress\/wp-content\/uploads\/2023\/03\/Turn-10-Bild-2-300x224.jpg 300w, https:\/\/polgargym.at\/wordpress\/wp-content\/uploads\/2023\/03\/Turn-10-Bild-2-768x574.jpg 768w, https:\/\/polgargym.at\/wordpress\/wp-content\/uploads\/2023\/03\/Turn-10-Bild-2-1536x1149.jpg 1536w, https:\/\/polgargym.at\/wordpress\/wp-content\/uploads\/2023\/03\/Turn-10-Bild-2-2048x1532.jpg 2048w\" sizes=\"auto, (max-width: 1024px) 100vw, 1024px\" \/><\/figure>\n<\/figure>\n","protected":false},"excerpt":{"rendered":"<p>Einen gro\u00dfartigen 6. Platz erreichten dieses Jahr 6 Sch\u00fclerinnen der 2F bei der Turn10 Landesmeisterschaft im Universit\u00e4tssportzentrum \u201eAuf der Schmelz&#8220;. Alle 6 M\u00e4dchen turnten souver\u00e4n ihre \u00dcbungen und hatten viel Spa\u00df dabei.<\/p>\n","protected":false},"author":11,"featured_media":0,"parent":0,"menu_order":0,"comment_status":"closed","ping_status":"closed","template":"","meta":{"footnotes":""},"class_list":["post-7022","page","type-page","status-publish","hentry"],"_links":{"self":[{"href":"https:\/\/polgargym.at\/wordpress\/wp-json\/wp\/v2\/pages\/7022","targetHints":{"allow":["GET"]}}],"collection":[{"href":"https:\/\/polgargym.at\/wordpress\/wp-json\/wp\/v2\/pages"}],"about":[{"href":"https:\/\/polgargym.at\/wordpress\/wp-json\/wp\/v2\/types\/page"}],"author":[{"embeddable":true,"href":"https:\/\/polgargym.at\/wordpress\/wp-json\/wp\/v2\/users\/11"}],"replies":[{"embeddable":true,"href":"https:\/\/polgargym.at\/wordpress\/wp-json\/wp\/v2\/comments?post=7022"}],"version-history":[{"count":1,"href":"https:\/\/polgargym.at\/wordpress\/wp-json\/wp\/v2\/pages\/7022\/revisions"}],"predecessor-version":[{"id":7026,"href":"https:\/\/polgargym.at\/wordpress\/wp-json\/wp\/v2\/pages\/7022\/revisions\/7026"}],"wp:attachment":[{"href":"https:\/\/polgargym.at\/wordpress\/wp-json\/wp\/v2\/media?parent=7022"}],"curies":[{"name":"wp","href":"https:\/\/api.w.org\/{rel}","templated":true}]}}