{"id":812,"date":"2019-05-10T12:46:42","date_gmt":"2019-05-10T10:46:42","guid":{"rendered":"http:\/\/10.18.11.144\/wordpress\/?page_id=812"},"modified":"2019-08-15T01:37:28","modified_gmt":"2019-08-14T23:37:28","slug":"spinde","status":"publish","type":"page","link":"https:\/\/polgargym.at\/wordpress\/spinde\/","title":{"rendered":"Spinde"},"content":{"rendered":"\n<p style=\"font-size:18px\"><a href=\"https:\/\/polgargym.at\/wordpress\/wp-content\/uploads\/2019\/05\/SPINDMIETVERTRAG-2016-LEER.pdf\">Zum Spindmietvertrag<\/a><\/p>\n\n\n\n<div style=\"height:20px\" aria-hidden=\"true\" class=\"wp-block-spacer\"><\/div>\n\n\n\n<p><strong>WAS MUSS ICH TUN, WENN ICH EINEN NEUEN SPINDSCHL\u00dcSSEL BEN\u00d6TIGE<\/strong>?<\/p>\n\n\n\n<p>Ist der&nbsp;Spindschl\u00fcssel abgebrochen, vergewissere dich, ob kein abgebrochenes Teil im Schloss zur\u00fcckgeblieben ist und bestelle dann einen neuen Schl\u00fcssel (siehe unten). <\/p>\n\n\n\n<p>Hast du den&nbsp;Spindschl\u00fcssel verloren: <\/p>\n\n\n\n<ul class=\"wp-block-list\"><li>Schau bitte als erstes&nbsp;zum Schulwart und ins Sekretariat, ob er dort abgegeben wurde. <\/li><li>Wenn nicht, komme bitte am&nbsp;ersten Mittwoch im Monat&nbsp;von 8 \u2013 11 Uhr&nbsp;ins&nbsp;EV-Zimmer&nbsp;und bringe deinen&nbsp;Sch\u00fclerausweis&nbsp;als Identit\u00e4tsnachweis und&nbsp;\u20ac 15,00&nbsp;(wenn m\u00f6glich genau abgez\u00e4hlt) mit. <\/li><\/ul>\n\n\n\n<p>Wenn du deinen Schl\u00fcssel nicht innerhalb der letzten 4-6 Wochen verloren hast, und du deine Spindmiete f\u00fcr das laufende Schuljahr bezahlt hast, wird dir bei Bezahlung von \u20ac 15,00 gleich ein Ersatzschl\u00fcssel ausgeh\u00e4ndigt. <\/p>\n\n\n\n<div style=\"height:20px\" aria-hidden=\"true\" class=\"wp-block-spacer\"><\/div>\n\n\n\n<p>Wenn das&nbsp;EV-Zimmer nicht besetzt&nbsp;ist, kannst du jederzeit&nbsp;ein Kuvert, beschriftet mit deinem Namen, deiner Klasse und deiner Spindnummer, in dem sich eine Kopie des Sch\u00fclerausweises und der Betrag von \u20ac 15,00 befindet,&nbsp;in den Briefkasten beim EV-Zimmer einwerfen. <\/p>\n\n\n\n<p>Der Briefkasten wird mindestens einmal w\u00f6chentlich entleert. Der Schl\u00fcssel wird so rasch als m\u00f6glich im Sekretariat f\u00fcr dich hinterlegt, wo du ihn dir abholen kannst. <\/p>\n","protected":false},"excerpt":{"rendered":"<p>Zum Spindmietvertrag WAS MUSS ICH TUN, WENN ICH EINEN NEUEN SPINDSCHL\u00dcSSEL BEN\u00d6TIGE? Ist der&nbsp;Spindschl\u00fcssel abgebrochen, vergewissere dich, ob kein abgebrochenes Teil im Schloss zur\u00fcckgeblieben ist und bestelle dann einen neuen Schl\u00fcssel (siehe unten). Hast du den&nbsp;Spindschl\u00fcssel verloren: Schau bitte als erstes&nbsp;zum Schulwart und ins Sekretariat, ob er dort abgegeben wurde. Wenn nicht, komme bitte am&nbsp;ersten [&hellip;]<\/p>\n","protected":false},"author":49,"featured_media":0,"parent":0,"menu_order":0,"comment_status":"closed","ping_status":"closed","template":"","meta":{"footnotes":""},"class_list":["post-812","page","type-page","status-publish","hentry"],"_links":{"self":[{"href":"https:\/\/polgargym.at\/wordpress\/wp-json\/wp\/v2\/pages\/812","targetHints":{"allow":["GET"]}}],"collection":[{"href":"https:\/\/polgargym.at\/wordpress\/wp-json\/wp\/v2\/pages"}],"about":[{"href":"https:\/\/polgargym.at\/wordpress\/wp-json\/wp\/v2\/types\/page"}],"author":[{"embeddable":true,"href":"https:\/\/polgargym.at\/wordpress\/wp-json\/wp\/v2\/users\/49"}],"replies":[{"embeddable":true,"href":"https:\/\/polgargym.at\/wordpress\/wp-json\/wp\/v2\/comments?post=812"}],"version-history":[{"count":7,"href":"https:\/\/polgargym.at\/wordpress\/wp-json\/wp\/v2\/pages\/812\/revisions"}],"predecessor-version":[{"id":1320,"href":"https:\/\/polgargym.at\/wordpress\/wp-json\/wp\/v2\/pages\/812\/revisions\/1320"}],"wp:attachment":[{"href":"https:\/\/polgargym.at\/wordpress\/wp-json\/wp\/v2\/media?parent=812"}],"curies":[{"name":"wp","href":"https:\/\/api.w.org\/{rel}","templated":true}]}}